{"id":4483,"date":"2025-02-28T18:18:42","date_gmt":"2025-02-28T18:18:42","guid":{"rendered":"https:\/\/stage.tuttointerventistica.it\/?page_id=4483"},"modified":"2025-03-07T16:30:33","modified_gmt":"2025-03-07T16:30:33","slug":"osteoartrosi","status":"publish","type":"page","link":"https:\/\/tuttointerventistica.it\/index.php\/osteoartrosi\/","title":{"rendered":"Osteoartrosi"},"content":{"rendered":"<div class=\"wpb-content-wrapper\"><p>[vc_row][vc_column width=&#8221;2\/3&#8243;]<h3 class=\"sentence template-quote-2\">Osteoartrosi: grazie alla radiologia interventistica, puoi ridurre il dolore e migliorare la mobilit\u00e0 con trattamenti mini-invasivi, accelerando il recupero e migliorando la qualit\u00e0 della tua vita quotidiana.<\/h3>[vc_empty_space][vc_accordion][vc_accordion_tab title=&#8221;L\u2019osteoartrosi: Cos\u2019\u00e8, Fattori di Rischio e Sintomi&#8221; tab_id=&#8221;l-osteoartrosi&#8221;][vc_nested_tabs][vc_nested_tab title=&#8221;Cos\u2019\u00e8 l\u2019Artrosi?&#8221; tab_id=&#8221;artrosi-cose&#8221;][vc_column_text css=&#8221;&#8221;]<\/p>\n<p data-start=\"0\" data-end=\"328\">L\u2019osteoartrosi \u00e8 una patologia degenerativa che colpisce le articolazioni, causando dolore e difficolt\u00e0 nei movimenti. Le aree pi\u00f9 comuni interessate sono le mani, le anche, le ginocchia, i piedi e le vertebre. \u00c8 una condizione molto diffusa, che aumenta con l\u2019et\u00e0, in particolare dopo i 50 anni, e diventa pi\u00f9 grave oltre i 70.<\/p>\n<p data-start=\"330\" data-end=\"831\">La malattia danneggia la cartilagine che riveste le articolazioni, provocando il suo assottigliamento e la sua frammentazione. Questo altera il normale movimento delle articolazioni, causando dolore e rigidit\u00e0. Con il tempo, l\u2019articolazione perde mobilit\u00e0 e si formano nuovi ossi (osteofiti) ai margini delle articolazioni. Il suo spazio si riduce, e si possono osservare anche infiammazioni di basso grado all\u2019interno delle articolazioni e danni ai tessuti molli circostanti, come tendini e menischi.<\/p>\n<p data-start=\"833\" data-end=\"1014\" data-is-last-node=\"\" data-is-only-node=\"\">Nel tempo, l\u2019osteoartrosi pu\u00f2 portare a deformit\u00e0 articolari, con una limitazione significativa dei movimenti, fino a causare una severa insufficienza articolare nei casi pi\u00f9 gravi.<\/p>\n<p>[\/vc_column_text][\/vc_nested_tab][vc_nested_tab title=&#8221;Fattori di Rischio&#8221; tab_id=&#8221;fattori-rischio&#8221;][vc_column_text css=&#8221;&#8221;]<\/p>\n<p data-start=\"43\" data-end=\"555\">L\u2019osteoartrosi \u00e8 una delle patologie articolari pi\u00f9 comuni, che colpisce milioni di persone in tutto il mondo. Si manifesta quando la cartilagine che riveste le articolazioni si deteriora, causando dolore, rigidit\u00e0 e limitazione dei movimenti. Sebbene sia una condizione legata in gran parte all\u2019et\u00e0, diversi fattori possono contribuire al suo sviluppo, accelerando o intensificando i sintomi. Comprendere questi fattori di rischio \u00e8 essenziale per una diagnosi tempestiva e una gestione efficace della malattia.<\/p>\n<p data-start=\"557\" data-end=\"564\"><strong data-start=\"557\" data-end=\"564\">Et\u00e0<\/strong><\/p>\n<p data-start=\"566\" data-end=\"958\">L\u2019et\u00e0 \u00e8 uno dei fattori di rischio principali per l\u2019osteoartrosi. Con l\u2019invecchiamento, il rischio di sviluppare la malattia aumenta. Si stima che il 14% della popolazione sopra i 25 anni e il 34% degli individui sopra i 65 anni soffrano di osteoartrite sintomatica. L\u2019invecchiamento porta con s\u00e9 una naturale usura delle articolazioni, che pu\u00f2 accelerare il deterioramento della cartilagine.<\/p>\n<p data-start=\"960\" data-end=\"969\"><strong data-start=\"960\" data-end=\"969\">Sesso<\/strong><\/p>\n<p data-start=\"971\" data-end=\"1283\">Le donne sono pi\u00f9 suscettibili all\u2019osteoartrosi, in particolare dopo la menopausa, quando i cambiamenti ormonali influenzano la salute articolare. Studi hanno dimostrato che il sesso femminile \u00e8 associato a una maggiore prevalenza e severit\u00e0 della patologia, con una progressione pi\u00f9 rapida rispetto agli uomini.<\/p>\n<p data-start=\"1285\" data-end=\"1297\"><strong data-start=\"1285\" data-end=\"1297\">Genetica<\/strong><\/p>\n<p data-start=\"1299\" data-end=\"1707\">La predisposizione genetica gioca un ruolo fondamentale nel rischio di sviluppare osteoartrosi. Si stima che almeno il 30% del rischio sia dovuto a fattori ereditari. Tuttavia, i meccanismi precisi che collegano la genetica all\u2019osteoartrosi sono ancora in fase di studio. La familiarit\u00e0 con la patologia aumenta la probabilit\u00e0 di soffrirne, ma anche l\u2019ambiente e lo stile di vita possono influenzare l\u2019esito.<\/p>\n<p data-start=\"1709\" data-end=\"1730\"><strong data-start=\"1709\" data-end=\"1730\">Trauma articolare<\/strong><\/p>\n<p data-start=\"1732\" data-end=\"2191\">I traumi articolari, come fratture o lesioni, sono un fattore di rischio significativo per l\u2019osteoartrosi post-traumatica. I traumi al ginocchio e alla caviglia sono particolarmente frequenti. Ad esempio, il 5% dei nuovi casi di osteoartrosi del ginocchio si sviluppa a seguito di un trauma. Dopo un infortunio, la probabilit\u00e0 di sviluppare osteoartrosi alla caviglia pu\u00f2 aumentare dal 1% al 78%, a seconda della gravit\u00e0 del trauma e della risposta del corpo.<\/p>\n<p data-start=\"2193\" data-end=\"2214\"><strong data-start=\"2193\" data-end=\"2214\">Fattori anatomici<\/strong><\/p>\n<p data-start=\"2216\" data-end=\"2570\">Alterazioni nell\u2019allineamento delle articolazioni, come nel caso di ginocchia arcuate (varismo) o ginocchia che si toccano (valgismo), possono aumentare il rischio di osteoartrosi. Questi difetti anatomici possono creare uno stress eccessivo sulle articolazioni, favorendo il deterioramento della cartilagine e causando dolore e difficolt\u00e0 nei movimenti.<\/p>\n<p data-start=\"2572\" data-end=\"2583\"><strong data-start=\"2572\" data-end=\"2583\">Obesit\u00e0<\/strong><\/p>\n<p data-start=\"2585\" data-end=\"3130\">L\u2019obesit\u00e0 \u00e8 uno dei principali fattori di rischio per l\u2019osteoartrosi, in particolare per le articolazioni che sopportano il peso corporeo, come ginocchia e anche. Negli Stati Uniti, circa il 50% dei casi sintomatici di osteoartrosi \u00e8 attribuibile all\u2019obesit\u00e0. L\u2019eccesso di peso non solo aumenta il carico sulle articolazioni, ma favorisce anche l\u2019infiammazione sistemica, che pu\u00f2 accelerare il deterioramento della cartilagine. L\u2019obesit\u00e0 contribuisce anche ad aumentare la gravit\u00e0 della malattia, peggiorando la qualit\u00e0 della vita e la mobilit\u00e0.<\/p>\n<p>[\/vc_column_text][\/vc_nested_tab][vc_nested_tab title=&#8221;Sintomi&#8221; tab_id=&#8221;sintomi-osteoartrosi&#8221;][vc_column_text css=&#8221;&#8221;]<\/p>\n<p data-start=\"31\" data-end=\"450\">L\u2019osteoartrosi pu\u00f2 manifestarsi in vari modi, e la sua diagnosi pu\u00f2 avvenire in modo casuale tramite esami radiologici o clinici in pazienti che non presentano sintomi evidenti. In altri casi, la patologia si sviluppa gradualmente, con un progressivo peggioramento dei sintomi, che possono arrivare a causare una grave limitazione delle funzioni articolari, fino alla manifestazione estrema di insufficienza articolare.<\/p>\n<p data-start=\"452\" data-end=\"1201\" data-is-last-node=\"\" data-is-only-node=\"\">I sintomi pi\u00f9 comuni dell\u2019osteoartrosi comprendono dolore articolare, rigidit\u00e0, difficolt\u00e0 nei movimenti e deformit\u00e0 articolare. Generalmente, questi sintomi si concentrano in una o poche articolazioni, specialmente nelle persone adulte o anziane. Il dolore articolare \u00e8 il sintomo principale: tende a peggiorare con l\u2019uso dell\u2019articolazione, aumentando con l\u2019attivit\u00e0 fisica, ma viene alleviato dal riposo. La rigidit\u00e0 articolare \u00e8 pi\u00f9 evidente al risveglio o dopo periodi di inattivit\u00e0 e pu\u00f2 limitare i movimenti quotidiani. Inoltre, con il progredire della malattia, le articolazioni possono diventare deformate, con la comparsa di gonfiore e la riduzione della mobilit\u00e0, che pu\u00f2 portare a difficolt\u00e0 nelle normali attivit\u00e0 della vita quotidiana.<\/p>\n<p>[\/vc_column_text][\/vc_nested_tab][\/vc_nested_tabs][\/vc_accordion_tab][\/vc_accordion][\/vc_column][vc_column width=&#8221;1\/3&#8243;][vc_empty_space height=&#8221;90px&#8221;][vc_single_image image=&#8221;5434&#8243; img_size=&#8221;large&#8221; alignment=&#8221;right&#8221; css=&#8221;&#8221; el_class=&#8221;image-gallery-spacing&#8221;][\/vc_column][\/vc_row][vc_row top_margin=&#8221;page-margin-top-section&#8221; el_class=&#8221;flex-box&#8221;][vc_column width=&#8221;2\/3&#8243; el_class=&#8221;padding-bottom-128 column-limited&#8221;][vc_accordion][vc_accordion_tab title=&#8221;Trattamento dell&#8217;Osteoartrosi: Diagnosi e Trattamenti&#8221; tab_id=&#8221;diagnosi-trattamenti&#8221;][vc_nested_tabs][vc_nested_tab title=&#8221;Diagnosi&#8221; tab_id=&#8221;diagnosi-osteoartrosi&#8221;][vc_column_text css=&#8221;&#8221;]<\/p>\n<p data-start=\"32\" data-end=\"352\">La diagnosi dell\u2019osteoartrosi si basa su una combinazione di anamnesi dettagliata, esami di laboratorio e strumenti diagnostici, come le radiografie, le ecografie e la risonanza magnetica. La valutazione clinica \u00e8 cruciale per individuare la patologia anche prima che vengano eseguiti esami strumentali o di laboratorio.<\/p>\n<p data-start=\"354\" data-end=\"378\"><strong data-start=\"354\" data-end=\"378\">Anamnesi dettagliata<\/strong><\/p>\n<p data-start=\"380\" data-end=\"809\">Spesso, la diagnosi pu\u00f2 essere sospettata solo sulla base della storia clinica, senza necessit\u00e0 di esami radiologici o di laboratorio. In particolare, per pazienti a rischio, come quelli di almeno 45 anni, la presenza di dolore articolare tipico in una o poche articolazioni, accompagnato da rigidit\u00e0 mattutina della durata inferiore ai 30 minuti, pu\u00f2 essere sufficiente per orientare il medico verso la diagnosi di osteoartrosi.<\/p>\n<p data-start=\"811\" data-end=\"835\"><strong data-start=\"811\" data-end=\"835\">Esami di laboratorio<\/strong><\/p>\n<p data-start=\"837\" data-end=\"1126\">Gli esami ematici sono generalmente utilizzati per escludere altre patologie con sintomi simili all\u2019osteoartrosi, ma non sono determinanti per la diagnosi. Raramente, il liquido sinoviale viene analizzato, principalmente per escludere altre condizioni, come l\u2019artrite infettiva o la gotta.<\/p>\n<p data-start=\"1128\" data-end=\"1149\"><strong data-start=\"1128\" data-end=\"1149\">Esami strumentali<\/strong><\/p>\n<p data-start=\"1151\" data-end=\"1969\" data-is-last-node=\"\" data-is-only-node=\"\">Gli esami strumentali, come le radiografie, le ecografie e la risonanza magnetica, sono strumenti essenziali per confermare la diagnosi. Le radiografie, in particolare, sono ampiamente utilizzate per visualizzare le alterazioni articolari tipiche dell\u2019osteoartrosi, come la riduzione dello spazio articolare, la formazione di osteofiti (escrescenze ossee) e la sclerosi subcondrale. Tuttavia, \u00e8 importante sottolineare che non esiste sempre un legame diretto tra le alterazioni radiografiche e il dolore percepito dal paziente. Alcuni pazienti con gravi alterazioni radiografiche possono riferire poco dolore, mentre altri con radiografie quasi normali possono soffrire di un dolore significativo. Per questo motivo, l\u2019interpretazione delle immagini deve sempre essere affiancata alla valutazione clinica del paziente.<\/p>\n<p>[\/vc_column_text][\/vc_nested_tab][vc_nested_tab title=&#8221;Trattamento&#8221; tab_id=&#8221;trattamento-radiologia&#8221;][vc_column_text css=&#8221;&#8221;]<\/p>\n<p data-start=\"36\" data-end=\"349\">L\u2019osteoartrosi, purtroppo, non \u00e8 una malattia curabile, e al momento non esistono farmaci in grado di guarirla completamente. Tuttavia, esistono diverse opzioni terapeutiche che mirano a ridurre il dolore e a migliorare la funzionalit\u00e0 articolare, con l\u2019obiettivo di migliorare la qualit\u00e0 della vita del paziente.<\/p>\n<p data-start=\"351\" data-end=\"531\">La risposta alle terapie pu\u00f2 variare da individuo a individuo, e spesso si ricorre a una combinazione di trattamenti, personalizzati in base alle necessit\u00e0 specifiche del paziente.<\/p>\n<p data-start=\"533\" data-end=\"562\"><strong data-start=\"533\" data-end=\"562\">Terapia non farmacologica<\/strong><\/p>\n<p data-start=\"564\" data-end=\"678\">La gestione non farmacologica \u00e8 fondamentale nel trattamento dell\u2019osteoartrosi. Le principali strategie includono:<\/p>\n<ul data-start=\"680\" data-end=\"1170\">\n<li data-start=\"680\" data-end=\"808\"><strong data-start=\"682\" data-end=\"702\">Esercizio fisico<\/strong>: un programma di attivit\u00e0 fisica adeguata aiuta a mantenere la mobilit\u00e0 articolare e a ridurre il dolore.<\/li>\n<li data-start=\"809\" data-end=\"980\"><strong data-start=\"811\" data-end=\"830\">Perdita di peso<\/strong>: in caso di sovrappeso, ridurre il peso corporeo contribuisce a ridurre il carico sulle articolazioni, in particolare su quelle di ginocchia e anche.<\/li>\n<li data-start=\"981\" data-end=\"1170\"><strong data-start=\"983\" data-end=\"1010\">Dispositivi di supporto<\/strong>: l\u2019uso di ausili per migliorare la funzionalit\u00e0 articolare, come plantari, tutori e altri presidi, pu\u00f2 aiutare a ottimizzare i movimenti e a ridurre il dolore.<\/li>\n<\/ul>\n<p data-start=\"1172\" data-end=\"1197\"><strong data-start=\"1172\" data-end=\"1197\">Terapia farmacologica<\/strong><\/p>\n<p data-start=\"1199\" data-end=\"1275\">I farmaci pi\u00f9 comunemente utilizzati nel trattamento dell\u2019osteoartrosi sono:<\/p>\n<ul data-start=\"1277\" data-end=\"1480\">\n<li data-start=\"1277\" data-end=\"1323\"><strong data-start=\"1279\" data-end=\"1293\">Analgesici<\/strong>: per il controllo del dolore.<\/li>\n<li data-start=\"1324\" data-end=\"1480\"><strong data-start=\"1326\" data-end=\"1366\">Antinfiammatori non steroidei (FANS)<\/strong>: per ridurre l\u2019infiammazione e alleviare il dolore, somministrabili sia per via orale che per via intramuscolare.<\/li>\n<\/ul>\n<p data-start=\"1482\" data-end=\"1512\"><strong data-start=\"1482\" data-end=\"1512\">Radiologia interventistica<\/strong><\/p>\n<p data-start=\"1514\" data-end=\"1859\">Un\u2019opzione terapeutica avanzata \u00e8 rappresentata dalla\u00a0<strong data-start=\"1568\" data-end=\"1598\">radiologia interventistica<\/strong>, una forma di trattamento mini-invasivo che si pu\u00f2 affiancare alle terapie tradizionali. In particolare, le\u00a0<strong data-start=\"1707\" data-end=\"1741\">infiltrazioni intra-articolari<\/strong>\u00a0sono molto utilizzate per ridurre il dolore e migliorare la funzionalit\u00e0 articolare. Tra i farmaci iniettati vi sono:<\/p>\n<ul data-start=\"1861\" data-end=\"2089\">\n<li data-start=\"1861\" data-end=\"1953\"><strong data-start=\"1863\" data-end=\"1883\">Acido ialuronico<\/strong>: che aiuta a lubrificare l\u2019articolazione e a ridurre l\u2019infiammazione.<\/li>\n<li data-start=\"1954\" data-end=\"2022\"><strong data-start=\"1956\" data-end=\"1969\">Collagene<\/strong>: che promuove la riparazione dei tessuti articolari.<\/li>\n<li data-start=\"2023\" data-end=\"2089\"><strong data-start=\"2025\" data-end=\"2038\">Cortisone<\/strong>: in alcuni casi per ridurre l\u2019infiammazione acuta.<\/li>\n<\/ul>\n<p data-start=\"2091\" data-end=\"2634\">Queste infiltrazioni vengono somministrate dal radiologo interventista, che utilizza tecniche di imaging come ecografia, fluoroscopia o TAC per guidare con precisione l\u2019iniezione del farmaco direttamente nell\u2019articolazione interessata. Il trattamento, che dura solo pochi minuti, \u00e8 generalmente ripetibile in base alle necessit\u00e0 individuali del paziente. La letteratura scientifica ha dimostrato l\u2019efficacia di queste infiltrazioni, che sono particolarmente utili per migliorare i sintomi e la qualit\u00e0 della vita nei pazienti con osteoartrosi.<\/p>\n<p data-start=\"2636\" data-end=\"2662\"><strong data-start=\"2636\" data-end=\"2662\">Trattamento chirurgico<\/strong><\/p>\n<p data-start=\"2664\" data-end=\"2997\" data-is-last-node=\"\" data-is-only-node=\"\">Nei casi pi\u00f9 gravi, quando i trattamenti non invasivi non sono pi\u00f9 efficaci, pu\u00f2 essere necessario ricorrere a un trattamento chirurgico. Interventi come la\u00a0<strong data-start=\"2821\" data-end=\"2843\">protesi articolare<\/strong>\u00a0o altre tecniche chirurgiche possono essere presi in considerazione per ripristinare la funzione dell\u2019articolazione e ridurre il dolore in modo duraturo.<\/p>\n<p>[\/vc_column_text][\/vc_nested_tab][\/vc_nested_tabs][\/vc_accordion_tab][\/vc_accordion][\/vc_column][vc_column width=&#8221;1\/3&#8243;][vc_single_image image=&#8221;5435&#8243; img_size=&#8221;large&#8221; alignment=&#8221;center&#8221; style=&#8221;vc_box_rounded&#8221; css=&#8221;&#8221;][vc_column_text css=&#8221;&#8221;]<\/p>\n<h5 style=\"text-align: center;\">L\u2019immagine dimostra l\u2019iniezione percutanea di farmaco per via eco-guidata effettuata dal radiologo interventista. Sulla sinistra l\u2019ago contenente il farmaco e la sonda ecografica, sulla destra l\u2019immagine in diretta della punta dell\u2019ago nella zona desiderata<\/h5>\n<p>[\/vc_column_text][\/vc_column][\/vc_row]<\/p>\n<\/div>","protected":false},"excerpt":{"rendered":"<p>[vc_row][vc_column width=&#8221;2\/3&#8243;][vc_empty_space][vc_accordion][vc_accordion_tab title=&#8221;L\u2019osteoartrosi: Cos\u2019\u00e8, Fattori di Rischio e Sintomi&#8221; tab_id=&#8221;l-osteoartrosi&#8221;][vc_nested_tabs][vc_nested_tab title=&#8221;Cos\u2019\u00e8 l\u2019Artrosi?&#8221; tab_id=&#8221;artrosi-cose&#8221;][vc_column_text css=&#8221;&#8221;] L\u2019osteoartrosi \u00e8 una patologia degenerativa che colpisce le articolazioni, causando dolore e difficolt\u00e0 nei movimenti. Le aree pi\u00f9 comuni interessate sono le mani, le anche, le ginocchia, i piedi e le vertebre. \u00c8 una condizione molto diffusa, che aumenta con l\u2019et\u00e0,<\/p>\n","protected":false},"author":1,"featured_media":0,"parent":0,"menu_order":0,"comment_status":"closed","ping_status":"closed","template":"","meta":{"footnotes":""},"class_list":["post-4483","page","type-page","status-publish","hentry"],"yoast_head":"<!-- This site is optimized with the Yoast SEO plugin v26.7 - https:\/\/yoast.com\/wordpress\/plugins\/seo\/ -->\n<title>Osteoartrosi -<\/title>\n<meta name=\"description\" content=\"Osteoartrosi: trattamenti mini-invasivi per ridurre il dolore, migliorare la mobilit\u00e0 e accelerare il recupero, senza chirurgia.\" \/>\n<meta name=\"robots\" content=\"index, follow, max-snippet:-1, max-image-preview:large, max-video-preview:-1\" \/>\n<link rel=\"canonical\" href=\"https:\/\/tuttointerventistica.it\/index.php\/osteoartrosi\/\" \/>\n<meta property=\"og:locale\" content=\"en_US\" \/>\n<meta property=\"og:type\" content=\"article\" \/>\n<meta property=\"og:title\" content=\"Osteoartrosi -\" \/>\n<meta property=\"og:description\" content=\"Osteoartrosi: trattamenti mini-invasivi per ridurre il dolore, migliorare la mobilit\u00e0 e accelerare il recupero, senza chirurgia.\" \/>\n<meta property=\"og:url\" content=\"https:\/\/tuttointerventistica.it\/index.php\/osteoartrosi\/\" \/>\n<meta property=\"article:modified_time\" content=\"2025-03-07T16:30:33+00:00\" \/>\n<meta name=\"twitter:card\" content=\"summary_large_image\" \/>\n<meta name=\"twitter:label1\" content=\"Est. reading time\" \/>\n\t<meta name=\"twitter:data1\" content=\"8 minutes\" \/>\n<script type=\"application\/ld+json\" class=\"yoast-schema-graph\">{\"@context\":\"https:\/\/schema.org\",\"@graph\":[{\"@type\":\"WebPage\",\"@id\":\"https:\/\/tuttointerventistica.it\/index.php\/osteoartrosi\/\",\"url\":\"https:\/\/tuttointerventistica.it\/index.php\/osteoartrosi\/\",\"name\":\"Osteoartrosi -\",\"isPartOf\":{\"@id\":\"https:\/\/tuttointerventistica.it\/#website\"},\"datePublished\":\"2025-02-28T18:18:42+00:00\",\"dateModified\":\"2025-03-07T16:30:33+00:00\",\"description\":\"Osteoartrosi: trattamenti mini-invasivi per ridurre il dolore, migliorare la mobilit\u00e0 e accelerare il recupero, senza chirurgia.\",\"breadcrumb\":{\"@id\":\"https:\/\/tuttointerventistica.it\/index.php\/osteoartrosi\/#breadcrumb\"},\"inLanguage\":\"en-US\",\"potentialAction\":[{\"@type\":\"ReadAction\",\"target\":[\"https:\/\/tuttointerventistica.it\/index.php\/osteoartrosi\/\"]}]},{\"@type\":\"BreadcrumbList\",\"@id\":\"https:\/\/tuttointerventistica.it\/index.php\/osteoartrosi\/#breadcrumb\",\"itemListElement\":[{\"@type\":\"ListItem\",\"position\":1,\"name\":\"Home\",\"item\":\"https:\/\/tuttointerventistica.it\/\"},{\"@type\":\"ListItem\",\"position\":2,\"name\":\"Osteoartrosi\"}]},{\"@type\":\"WebSite\",\"@id\":\"https:\/\/tuttointerventistica.it\/#website\",\"url\":\"https:\/\/tuttointerventistica.it\/\",\"name\":\"\",\"description\":\"\",\"potentialAction\":[{\"@type\":\"SearchAction\",\"target\":{\"@type\":\"EntryPoint\",\"urlTemplate\":\"https:\/\/tuttointerventistica.it\/?s={search_term_string}\"},\"query-input\":{\"@type\":\"PropertyValueSpecification\",\"valueRequired\":true,\"valueName\":\"search_term_string\"}}],\"inLanguage\":\"en-US\"}]}<\/script>\n<!-- \/ Yoast SEO plugin. -->","yoast_head_json":{"title":"Osteoartrosi -","description":"Osteoartrosi: trattamenti mini-invasivi per ridurre il dolore, migliorare la mobilit\u00e0 e accelerare il recupero, senza chirurgia.","robots":{"index":"index","follow":"follow","max-snippet":"max-snippet:-1","max-image-preview":"max-image-preview:large","max-video-preview":"max-video-preview:-1"},"canonical":"https:\/\/tuttointerventistica.it\/index.php\/osteoartrosi\/","og_locale":"en_US","og_type":"article","og_title":"Osteoartrosi -","og_description":"Osteoartrosi: trattamenti mini-invasivi per ridurre il dolore, migliorare la mobilit\u00e0 e accelerare il recupero, senza chirurgia.","og_url":"https:\/\/tuttointerventistica.it\/index.php\/osteoartrosi\/","article_modified_time":"2025-03-07T16:30:33+00:00","twitter_card":"summary_large_image","twitter_misc":{"Est. reading time":"8 minutes"},"schema":{"@context":"https:\/\/schema.org","@graph":[{"@type":"WebPage","@id":"https:\/\/tuttointerventistica.it\/index.php\/osteoartrosi\/","url":"https:\/\/tuttointerventistica.it\/index.php\/osteoartrosi\/","name":"Osteoartrosi -","isPartOf":{"@id":"https:\/\/tuttointerventistica.it\/#website"},"datePublished":"2025-02-28T18:18:42+00:00","dateModified":"2025-03-07T16:30:33+00:00","description":"Osteoartrosi: trattamenti mini-invasivi per ridurre il dolore, migliorare la mobilit\u00e0 e accelerare il recupero, senza chirurgia.","breadcrumb":{"@id":"https:\/\/tuttointerventistica.it\/index.php\/osteoartrosi\/#breadcrumb"},"inLanguage":"en-US","potentialAction":[{"@type":"ReadAction","target":["https:\/\/tuttointerventistica.it\/index.php\/osteoartrosi\/"]}]},{"@type":"BreadcrumbList","@id":"https:\/\/tuttointerventistica.it\/index.php\/osteoartrosi\/#breadcrumb","itemListElement":[{"@type":"ListItem","position":1,"name":"Home","item":"https:\/\/tuttointerventistica.it\/"},{"@type":"ListItem","position":2,"name":"Osteoartrosi"}]},{"@type":"WebSite","@id":"https:\/\/tuttointerventistica.it\/#website","url":"https:\/\/tuttointerventistica.it\/","name":"","description":"","potentialAction":[{"@type":"SearchAction","target":{"@type":"EntryPoint","urlTemplate":"https:\/\/tuttointerventistica.it\/?s={search_term_string}"},"query-input":{"@type":"PropertyValueSpecification","valueRequired":true,"valueName":"search_term_string"}}],"inLanguage":"en-US"}]}},"_links":{"self":[{"href":"https:\/\/tuttointerventistica.it\/index.php\/wp-json\/wp\/v2\/pages\/4483","targetHints":{"allow":["GET"]}}],"collection":[{"href":"https:\/\/tuttointerventistica.it\/index.php\/wp-json\/wp\/v2\/pages"}],"about":[{"href":"https:\/\/tuttointerventistica.it\/index.php\/wp-json\/wp\/v2\/types\/page"}],"author":[{"embeddable":true,"href":"https:\/\/tuttointerventistica.it\/index.php\/wp-json\/wp\/v2\/users\/1"}],"replies":[{"embeddable":true,"href":"https:\/\/tuttointerventistica.it\/index.php\/wp-json\/wp\/v2\/comments?post=4483"}],"version-history":[{"count":10,"href":"https:\/\/tuttointerventistica.it\/index.php\/wp-json\/wp\/v2\/pages\/4483\/revisions"}],"predecessor-version":[{"id":5443,"href":"https:\/\/tuttointerventistica.it\/index.php\/wp-json\/wp\/v2\/pages\/4483\/revisions\/5443"}],"wp:attachment":[{"href":"https:\/\/tuttointerventistica.it\/index.php\/wp-json\/wp\/v2\/media?parent=4483"}],"curies":[{"name":"wp","href":"https:\/\/api.w.org\/{rel}","templated":true}]}}