{"id":4913,"date":"2025-03-04T17:14:56","date_gmt":"2025-03-04T17:14:56","guid":{"rendered":"https:\/\/stage.tuttointerventistica.it\/?page_id=4913"},"modified":"2025-03-04T17:14:56","modified_gmt":"2025-03-04T17:14:56","slug":"nevralgia-del-trigemino","status":"publish","type":"page","link":"https:\/\/tuttointerventistica.it\/index.php\/nevralgia-del-trigemino\/","title":{"rendered":"Nevralgia del trigemino"},"content":{"rendered":"<div class=\"wpb-content-wrapper\"><p>[vc_row][vc_column width=&#8221;2\/3&#8243;]<h3 class=\"sentence template-quote-2\">La radiologia interventistica offre un trattamento minimamente invasivo per la nevralgia del trigemino, riducendo il dolore in modo rapido ed efficace. Una soluzione avanzata che migliora la qualit\u00e0 della vita senza ricorrere alla chirurgia tradizionale<\/h3>[vc_empty_space][vc_accordion][vc_accordion_tab title=&#8221;Nevralgia del trigemino: Cos\u2019\u00e8, Sintomi e Cause&#8221; tab_id=&#8221;nevralgia-trigemino&#8221;][vc_nested_tabs][vc_nested_tab title=&#8221;Cos\u2019\u00e8 la Nevralgia del trigemino&#8221; tab_id=&#8221;cos-e&#8221;][vc_column_text css=&#8221;&#8221;]<\/p>\n<p data-start=\"195\" data-end=\"592\">La <strong data-start=\"426\" data-end=\"453\">nevralgia del trigemino<\/strong>, nota anche come <strong data-start=\"471\" data-end=\"487\">tic doloroso<\/strong>, \u00e8 una condizione neurologica cronica che provoca dolori intensi e improvvisi al volto, che sono simili a scosse elettriche. Questi attacchi di dolore acuto possono durare da pochi secondi a qualche minuto, ma sono talmente debilitanti che interferiscono con la qualit\u00e0 della vita dei pazienti. Il dolore \u00e8 causato da un malfunzionamento del nervo trigemino, il quinto nervo cranico, che \u00e8 il principale responsabile della trasmissione delle sensazioni tattili al viso.<\/p>\n<p>[\/vc_column_text][\/vc_nested_tab][vc_nested_tab title=&#8221;Sintomi &#8221; tab_id=&#8221;sintomi-nevralgia&#8221;][vc_column_text css=&#8221;&#8221;]<\/p>\n<p data-start=\"1011\" data-end=\"1321\">I sintomi della nevralgia del trigemino sono caratterizzati da episodi di dolore acuto e parossistico che generalmente si verificano in modo rapido e intenso. Questi attacchi di dolore possono essere descritti dai pazienti come scosse elettriche, pungenti o simili a colpi improvvisi. Ecco come si manifestano:<\/p>\n<ul data-start=\"1323\" data-end=\"2090\">\n<li data-start=\"1323\" data-end=\"1498\"><strong data-start=\"1325\" data-end=\"1354\">Dolore acuto e improvviso<\/strong>: L\u2019attacco di dolore si manifesta improvvisamente e pu\u00f2 durare pochi secondi o qualche minuto. Il dolore tende a iniziare e finire rapidamente.<\/li>\n<li data-start=\"1499\" data-end=\"1727\"><strong data-start=\"1501\" data-end=\"1537\">Sensibilit\u00e0 agli stimoli leggeri<\/strong>: Molti pazienti riferiscono che il dolore viene scatenato da stimoli anche leggeri, come il tocco sul volto, il contatto con il cuscino mentre dormono, masticare, parlare, o farsi la barba.<\/li>\n<li data-start=\"1728\" data-end=\"2090\"><strong data-start=\"1730\" data-end=\"1766\">Area di distribuzione del dolore<\/strong>: Il dolore pu\u00f2 coinvolgere una o pi\u00f9 delle tre branche del nervo trigemino:\n<ul data-start=\"1847\" data-end=\"2090\">\n<li data-start=\"1847\" data-end=\"1912\"><strong data-start=\"1849\" data-end=\"1881\">Branca oftalmica (superiore)<\/strong>: Occhi, sopracciglio e fronte.<\/li>\n<li data-start=\"1915\" data-end=\"1991\"><strong data-start=\"1917\" data-end=\"1946\">Branca mascellare (media)<\/strong>: Labbro superiore, denti superiori, guancia.<\/li>\n<li data-start=\"1994\" data-end=\"2087\"><strong data-start=\"1996\" data-end=\"2030\">Branca mandibolare (inferiore)<\/strong>: Labbro inferiore, denti inferiori, lingua, e mandibola.<\/li>\n<\/ul>\n<\/li>\n<\/ul>\n<p data-start=\"2091\" data-end=\"2319\">In alcuni casi pi\u00f9 rari, tutte e tre le branche del nervo trigemino possono essere coinvolte simultaneamente. Inoltre, il dolore \u00e8 pi\u00f9 frequentemente localizzato su un lato del viso, ma raramente pu\u00f2 coinvolgere entrambi i lati.<\/p>\n<p data-start=\"2321\" data-end=\"2609\">Molti pazienti riferiscono che il dolore \u00e8 intermittente, con periodi di remissione che possono durare settimane, mesi, o addirittura anni. Tuttavia, questi periodi di remissione sono seguiti da nuovi attacchi dolorosi che, quando si ripresentano, risultano essere ancora pi\u00f9 debilitanti.<\/p>\n<p>[\/vc_column_text][\/vc_nested_tab][vc_nested_tab title=&#8221;Cause&#8221; tab_id=&#8221;cause-nervalgia&#8221;][vc_column_text css=&#8221;&#8221;]<\/p>\n<p data-start=\"264\" data-end=\"656\">La <strong data-start=\"267\" data-end=\"294\">nevralgia del trigemino<\/strong> \u00e8 una condizione neurologica che pu\u00f2 avere diverse cause, ma non esiste una causa unica universalmente accettata dai medici. La maggior parte degli specialisti ritiene che il problema derivi da un deterioramento della <strong data-start=\"513\" data-end=\"533\">guaina mielinica<\/strong> che riveste il nervo trigemino, un danno che consente al dolore di essere trasmesso in modo anomalo lungo il nervo stesso.<\/p>\n<p data-start=\"658\" data-end=\"821\">Questa deteriorazione della guaina mielinica, che normalmente protegge e facilita il passaggio dei segnali nervosi, pu\u00f2 essere causata da diversi fattori, tra cui:<\/p>\n<ul>\n<li data-start=\"658\" data-end=\"821\"><strong data-start=\"825\" data-end=\"868\">Compressione da parte di vasi sanguigni<\/strong>: uno dei motivi pi\u00f9 comuni di nevralgia del trigemino. La pressione di un vaso sanguigno che comprime il nervo trigemino pu\u00f2 danneggiare la guaina mielinica e causare il dolore.<\/li>\n<li data-start=\"658\" data-end=\"821\"><strong data-start=\"1052\" data-end=\"1062\">Tumori<\/strong>: in rari casi, la presenza di tumori che esercitano pressione sul nervo trigemino pu\u00f2 portare a nevralgia.<\/li>\n<li data-start=\"658\" data-end=\"821\"><strong data-start=\"1175\" data-end=\"1196\">Sclerosi multipla<\/strong>: una malattia autoimmune che danneggia la guaina mielinica del nervo trigemino. Questo danno pu\u00f2 interferire con la corretta trasmissione dei segnali e causare dolore facciale.<\/li>\n<li data-start=\"658\" data-end=\"821\"><strong data-start=\"1379\" data-end=\"1398\">Traumi al nervo<\/strong>: lesioni traumatiche al nervo trigemino possono compromettere la sua funzionalit\u00e0 e scatenare attacchi di dolore.<\/li>\n<li data-start=\"658\" data-end=\"821\"><strong data-start=\"1518\" data-end=\"1536\">Invecchiamento<\/strong>: con l\u2019avanzare dell&#8217;et\u00e0, i nervi possono subire un naturale deterioramento che aumenta la probabilit\u00e0 di sviluppare la nevralgia del trigemino.<\/li>\n<\/ul>\n<p data-start=\"1683\" data-end=\"2139\">Un\u2019altra causa, meno frequente, riguarda l\u2019infezione da <strong data-start=\"1739\" data-end=\"1755\">herpes virus<\/strong> che pu\u00f2 derivare dalla malattia comunemente chiamata &#8220;Fuoco di Sant&#8217;Antonio&#8221;. Questo tipo di nevralgia, che colpisce il volto, viene definita <strong data-start=\"1898\" data-end=\"1924\">nevralgia posterpetica<\/strong> e deve essere trattata in modo diverso. La <strong data-start=\"1968\" data-end=\"1994\">nevralgia posterpetica<\/strong> richiede solitamente l&#8217;uso di farmaci antivirali e antidepressivi per ridurre la trasmissione anomala dei segnali nervosi e alleviare il dolore.<\/p>\n<p data-start=\"2141\" data-end=\"2378\">In sintesi, la causa pi\u00f9 comune della nevralgia del trigemino \u00e8 la compressione dei vasi sanguigni sul nervo trigemino, che determina l\u2019infiammazione o il danneggiamento della sua guaina protettiva, con conseguente insorgenza del dolore.<\/p>\n<p>[\/vc_column_text][\/vc_nested_tab][\/vc_nested_tabs][\/vc_accordion_tab][\/vc_accordion][\/vc_column][vc_column width=&#8221;1\/3&#8243;][vc_empty_space height=&#8221;90px&#8221;][vc_single_image image=&#8221;4921&#8243; img_size=&#8221;medium&#8221; alignment=&#8221;right&#8221; css=&#8221;&#8221; el_class=&#8221;image-gallery-spacing&#8221;][vc_empty_space][\/vc_column][\/vc_row][vc_row top_margin=&#8221;page-margin-top-section&#8221; el_class=&#8221;flex-box&#8221;][vc_column width=&#8221;2\/3&#8243; el_class=&#8221;padding-bottom-128 column-limited&#8221;][vc_accordion][vc_accordion_tab title=&#8221;Nevralgia del Trigemino-Diagnosi, Trattamenti e Studi&#8221; tab_id=&#8221;nervalgia-studi&#8221;][vc_nested_tabs][vc_nested_tab title=&#8221;Diagnosi&#8221; tab_id=&#8221;diagnosi-nervalgia&#8221;][vc_column_text css=&#8221;&#8221;]<\/p>\n<p data-start=\"4205\" data-end=\"4521\">La diagnosi di nevralgia del trigemino si basa principalmente sulla valutazione clinica dei sintomi del paziente. \u00c8 fondamentale che i pazienti descrivano in dettaglio la natura del dolore, la sua localizzazione, e i fattori che lo scatenano. I medici utilizzano i seguenti strumenti per diagnosticare la condizione:<\/p>\n<ul data-start=\"4523\" data-end=\"5302\">\n<li data-start=\"4523\" data-end=\"4793\"><strong data-start=\"4525\" data-end=\"4575\">Storia clinica e sintomi riferiti dal paziente<\/strong>: La descrizione dei sintomi \u00e8 essenziale per indirizzare il medico verso una diagnosi corretta. Il medico chieder\u00e0 al paziente di descrivere la localizzazione e il tipo di dolore (scosse elettriche, lancinante, etc.).<\/li>\n<li data-start=\"4794\" data-end=\"5148\"><strong data-start=\"4796\" data-end=\"4816\">Esami di imaging<\/strong>: Una <strong data-start=\"4822\" data-end=\"4851\">Risonanza Magnetica (RMN)<\/strong> o una <strong data-start=\"4858\" data-end=\"4865\">TAC<\/strong> cerebrale possono essere richieste per escludere altre cause di dolore facciale, come tumori, sclerosi multipla o altri disturbi neurologici. Questi esami possono anche mostrare eventuali alterazioni strutturali nei nervi o nei vasi sanguigni che potrebbero causare la compressione.<\/li>\n<li data-start=\"5149\" data-end=\"5302\"><strong data-start=\"5151\" data-end=\"5178\">Valutazione neurologica<\/strong>: Un esame neurologico accurato aiuter\u00e0 a determinare quale branca del nervo trigemino \u00e8 coinvolta, facilitando la diagnosi.<\/li>\n<\/ul>\n<p data-start=\"5304\" data-end=\"5462\">Va sottolineato che non esiste un test specifico per diagnosticare la nevralgia del trigemino, e spesso la diagnosi si basa su esclusione di altre condizioni.<\/p>\n<p>[\/vc_column_text][\/vc_nested_tab][vc_nested_tab title=&#8221;Trattamenti&#8221; tab_id=&#8221;trattamenti-nelvagia&#8221;][vc_column_text css=&#8221;&#8221;]<\/p>\n<p data-start=\"52\" data-end=\"419\">Il trattamento della <strong data-start=\"73\" data-end=\"100\">nevralgia del trigemino<\/strong> pu\u00f2 variare a seconda della gravit\u00e0 della condizione e delle esigenze del paziente. Mentre le terapie farmacologiche e chirurgiche sono opzioni tradizionali, i trattamenti <strong data-start=\"273\" data-end=\"290\">mini-invasivi<\/strong> sotto guida radiologica stanno diventando sempre pi\u00f9 popolari grazie alla loro efficacia e ai minori rischi e tempi di recupero.<\/p>\n<h4 data-start=\"421\" data-end=\"451\"><strong data-start=\"426\" data-end=\"451\">Terapia farmacologica<\/strong><\/h4>\n<p data-start=\"453\" data-end=\"1002\">Il trattamento farmacologico per la nevralgia del trigemino solitamente prevede l&#8217;uso di <strong data-start=\"542\" data-end=\"568\">farmaci antiepilettici<\/strong>, come la carbamazepina, che sono progettati per ridurre l&#8217;attivit\u00e0 anomala del nervo trigemino. Tuttavia, questi farmaci non sempre offrono una soluzione definitiva e sono spesso associati a <strong data-start=\"760\" data-end=\"797\">effetti collaterali significativi<\/strong>, come sonnolenza, vertigini e problemi gastrointestinali. Inoltre, alcuni pazienti non rispondono adeguatamente alla terapia farmacologica, motivo per cui le alternative terapeutiche sono molto ricercate.<\/p>\n<h4 data-start=\"1004\" data-end=\"1035\"><strong data-start=\"1009\" data-end=\"1035\">Trattamento chirurgico<\/strong><\/h4>\n<p data-start=\"1037\" data-end=\"1473\">Il trattamento chirurgico \u00e8 un\u2019opzione pi\u00f9 invasiva e viene preso in considerazione solo nei casi in cui le terapie farmacologiche non abbiano successo. Una delle procedure chirurgiche tradizionali \u00e8 la <strong data-start=\"1240\" data-end=\"1255\">craniotomia<\/strong>, che comporta l&#8217;apertura del cranio per accedere al nervo trigemino e rimuovere la causa del dolore. Questo tipo di intervento \u00e8 associato ad un <strong data-start=\"1401\" data-end=\"1432\">alto tasso di complicazioni<\/strong> e richiede un lungo periodo di recupero.<\/p>\n<h4 data-start=\"1475\" data-end=\"1533\"><strong data-start=\"1480\" data-end=\"1533\">Trattamenti mini-invasivi sotto guida radiologica<\/strong><\/h4>\n<p data-start=\"1535\" data-end=\"1959\">Le opzioni <strong data-start=\"1546\" data-end=\"1563\">mini-invasive<\/strong>, che possono essere eseguite in regime di <strong data-start=\"1606\" data-end=\"1622\">day hospital<\/strong>, sono oggi le pi\u00f9 utilizzate per il trattamento della nevralgia del trigemino. Questi trattamenti, eseguiti sotto guida <strong data-start=\"1743\" data-end=\"1758\">radiologica<\/strong> (solitamente <strong data-start=\"1772\" data-end=\"1789\">fluoroscopica<\/strong>), consentono di trattare la condizione in modo mirato e con un recupero molto pi\u00f9 rapido rispetto alla chirurgia tradizionale. Ecco alcune delle tecniche pi\u00f9 utilizzate:<\/p>\n<ol data-start=\"1961\" data-end=\"2018\">\n<li data-start=\"1961\" data-end=\"2018\"><strong data-start=\"1964\" data-end=\"2018\">Microcompressione percutanea del ganglio di Gasser<\/strong><\/li>\n<\/ol>\n<p data-start=\"2020\" data-end=\"2488\">Questa tecnica prevede l\u2019inserimento di un <strong data-start=\"2063\" data-end=\"2088\">catetere a palloncino<\/strong> nel ganglio di Gasser, una struttura nervosa situata alla base del cranio. Il catetere viene gonfiato per comprimere il ganglio, riducendo o interrompendo la trasmissione del dolore. La microcompressione \u00e8 un trattamento altamente mirato e molto meno invasivo rispetto alla chirurgia tradizionale, con il vantaggio di ridurre i tempi di recupero e di essere eseguibile in regime di <strong data-start=\"2471\" data-end=\"2487\">day hospital<\/strong>.<\/p>\n<ol start=\"2\" data-start=\"2490\" data-end=\"2554\">\n<li data-start=\"2490\" data-end=\"2554\"><strong data-start=\"2493\" data-end=\"2554\">Radiofrequenza pulsata e\/o continua del ganglio di Gasser<\/strong><\/li>\n<\/ol>\n<p data-start=\"2556\" data-end=\"3115\">La <strong data-start=\"2559\" data-end=\"2577\">radiofrequenza<\/strong> \u00e8 una tecnica che utilizza l\u2019energia termica per alterare le fibre nervose coinvolte nel dolore. Un piccolo ago viene inserito nel <strong data-start=\"2709\" data-end=\"2725\">forame ovale<\/strong> (una apertura del cranio attraverso cui passa il nervo trigemino), e viene applicata l&#8217;energia della radiofrequenza per <strong data-start=\"2846\" data-end=\"2874\">lesionare selettivamente<\/strong> le fibre nervose responsabili del dolore, senza danneggiare quelle che sono coinvolte nella sensibilit\u00e0 facciale. La <strong data-start=\"2992\" data-end=\"3018\">radiofrequenza pulsata<\/strong> offre il vantaggio di essere meno invasiva e di ridurre il rischio di danni permanenti ai nervi.<\/p>\n<ol start=\"3\" data-start=\"3117\" data-end=\"3171\">\n<li data-start=\"3117\" data-end=\"3171\"><strong data-start=\"3120\" data-end=\"3171\">Alcolizzazione percutanea del ganglio di Gasser<\/strong><\/li>\n<\/ol>\n<p data-start=\"3173\" data-end=\"3657\">In questa tecnica, un ago viene inserito nel <strong data-start=\"3218\" data-end=\"3234\">forame ovale<\/strong>, e <strong data-start=\"3238\" data-end=\"3249\">etanolo<\/strong> (alcool) viene iniettato nel ganglio di Gasser. L&#8217;alcolizzazione crea una <strong data-start=\"3324\" data-end=\"3342\">lesione minima<\/strong> che colpisce esclusivamente le fibre nervose responsabili della trasmissione del dolore, lasciando intatte le fibre che controllano la sensibilit\u00e0 del viso. Questo trattamento \u00e8 particolarmente utile per i pazienti che non hanno risposto ad altre terapie, poich\u00e9 offre un buon equilibrio tra efficacia e sicurezza.<\/p>\n<h3 data-start=\"3659\" data-end=\"3705\"><strong data-start=\"3663\" data-end=\"3705\">Vantaggi dei trattamenti mini-invasivi<\/strong><\/h3>\n<p data-start=\"3707\" data-end=\"3831\">I trattamenti <strong data-start=\"3721\" data-end=\"3738\">mini-invasivi<\/strong> offrono numerosi vantaggi rispetto alle opzioni pi\u00f9 invasive come la chirurgia tradizionale:<\/p>\n<ul data-start=\"3833\" data-end=\"4326\">\n<li data-start=\"3833\" data-end=\"3990\"><strong data-start=\"3835\" data-end=\"3863\">Tempi di recupero rapidi<\/strong>: la maggior parte dei pazienti pu\u00f2 tornare a casa lo stesso giorno e riprendere le normali attivit\u00e0 quotidiane in breve tempo.<\/li>\n<li data-start=\"3991\" data-end=\"4164\"><strong data-start=\"3993\" data-end=\"4028\">Minore rischio di complicazioni<\/strong>: essendo meno invasivi, questi trattamenti comportano un rischio significativamente inferiore di infezioni, emorragie o danni ai nervi.<\/li>\n<li data-start=\"4165\" data-end=\"4323\"><strong data-start=\"4167\" data-end=\"4196\">Efficacia a lungo termine<\/strong>: molte delle tecniche mini-invasive offrono sollievo duraturo dal dolore, con possibilit\u00e0 di ripetizione in caso di necessit\u00e0.<\/li>\n<\/ul>\n<p data-start=\"4327\" data-end=\"4667\" data-is-last-node=\"\" data-is-only-node=\"\">In sintesi, i trattamenti <strong data-start=\"4353\" data-end=\"4394\">mini-invasivi sotto guida radiologica<\/strong> sono oggi la scelta preferita per il trattamento della nevralgia del trigemino, in quanto combinano alta efficacia e basso rischio, consentendo ai pazienti di ottenere un significativo miglioramento della qualit\u00e0 della vita senza gli svantaggi di trattamenti pi\u00f9 invasivi.<\/p>\n<p>[\/vc_column_text][\/vc_nested_tab][vc_nested_tab title=&#8221;Studi&#8221; tab_id=&#8221;gli-studi&#8221;][vc_column_text css=&#8221;&#8221;]<strong data-start=\"0\" data-end=\"13\" data-is-only-node=\"\">Gli studi<\/strong> hanno dimostrato che la <strong data-start=\"38\" data-end=\"65\">nevralgia del trigemino<\/strong> ha una prevalenza che varia tra <strong data-start=\"98\" data-end=\"114\">0,16% e 0,3%<\/strong> della popolazione, con un&#8217;incidenza annuale che va da <strong data-start=\"169\" data-end=\"206\">4 a 29 casi ogni 100.000 abitanti<\/strong>. La patologia colpisce principalmente le <strong data-start=\"248\" data-end=\"257\">donne<\/strong>, con un rapporto di circa <strong data-start=\"284\" data-end=\"291\">3:2<\/strong> rispetto agli uomini, e la sua incidenza aumenta con l\u2019et\u00e0, con il picco di manifestazione tra i <strong data-start=\"389\" data-end=\"407\">60 e i 70 anni<\/strong>. Sebbene pi\u00f9 comune negli adulti, la nevralgia del trigemino pu\u00f2 verificarsi anche nei <strong data-start=\"495\" data-end=\"527\">bambini e nei giovani adulti<\/strong>, sebbene in percentuali pi\u00f9 basse. La <strong data-start=\"566\" data-end=\"581\">familiarit\u00e0<\/strong> per questa condizione \u00e8 presente nel <strong data-start=\"619\" data-end=\"634\">5% dei casi<\/strong>, suggerendo una componente genetica nella sua insorgenza.[\/vc_column_text][\/vc_nested_tab][\/vc_nested_tabs][\/vc_accordion_tab][\/vc_accordion][\/vc_column][vc_column width=&#8221;1\/3&#8243;][vc_video link=&#8221;https:\/\/www.youtube.com\/watch?v=-BGgxEj8yiI&#8221; css=&#8221;&#8221;][\/vc_column][\/vc_row]<\/p>\n<\/div>","protected":false},"excerpt":{"rendered":"<p>[vc_row][vc_column width=&#8221;2\/3&#8243;][vc_empty_space][vc_accordion][vc_accordion_tab title=&#8221;Nevralgia del trigemino: Cos\u2019\u00e8, Sintomi e Cause&#8221; tab_id=&#8221;nevralgia-trigemino&#8221;][vc_nested_tabs][vc_nested_tab title=&#8221;Cos\u2019\u00e8 la Nevralgia del trigemino&#8221; tab_id=&#8221;cos-e&#8221;][vc_column_text css=&#8221;&#8221;] La nevralgia del trigemino, nota anche come tic doloroso, \u00e8 una condizione neurologica cronica che provoca dolori intensi e improvvisi al volto, che sono simili a scosse elettriche. Questi attacchi di dolore acuto possono durare da pochi secondi<\/p>\n","protected":false},"author":1,"featured_media":0,"parent":0,"menu_order":0,"comment_status":"closed","ping_status":"closed","template":"","meta":{"footnotes":""},"class_list":["post-4913","page","type-page","status-publish","hentry"],"yoast_head":"<!-- This site is optimized with the Yoast SEO plugin v26.7 - https:\/\/yoast.com\/wordpress\/plugins\/seo\/ -->\n<title>Nevralgia del trigemino -<\/title>\n<meta name=\"robots\" content=\"index, follow, max-snippet:-1, max-image-preview:large, max-video-preview:-1\" \/>\n<link rel=\"canonical\" href=\"https:\/\/tuttointerventistica.it\/index.php\/nevralgia-del-trigemino\/\" \/>\n<meta property=\"og:locale\" content=\"en_US\" \/>\n<meta property=\"og:type\" content=\"article\" \/>\n<meta property=\"og:title\" content=\"Nevralgia del trigemino -\" \/>\n<meta property=\"og:description\" content=\"[vc_row][vc_column width=&#8221;2\/3&#8243;][vc_empty_space][vc_accordion][vc_accordion_tab title=&#8221;Nevralgia del trigemino: Cos\u2019\u00e8, Sintomi e Cause&#8221; tab_id=&#8221;nevralgia-trigemino&#8221;][vc_nested_tabs][vc_nested_tab title=&#8221;Cos\u2019\u00e8 la Nevralgia del trigemino&#8221; tab_id=&#8221;cos-e&#8221;][vc_column_text css=&#8221;&#8221;] La nevralgia del trigemino, nota anche come tic doloroso, \u00e8 una condizione neurologica cronica che provoca dolori intensi e improvvisi al volto, che sono simili a scosse elettriche. Questi attacchi di dolore acuto possono durare da pochi secondi\" \/>\n<meta property=\"og:url\" content=\"https:\/\/tuttointerventistica.it\/index.php\/nevralgia-del-trigemino\/\" \/>\n<meta name=\"twitter:card\" content=\"summary_large_image\" \/>\n<meta name=\"twitter:label1\" content=\"Est. reading time\" \/>\n\t<meta name=\"twitter:data1\" content=\"9 minutes\" \/>\n<script type=\"application\/ld+json\" class=\"yoast-schema-graph\">{\"@context\":\"https:\/\/schema.org\",\"@graph\":[{\"@type\":\"WebPage\",\"@id\":\"https:\/\/tuttointerventistica.it\/index.php\/nevralgia-del-trigemino\/\",\"url\":\"https:\/\/tuttointerventistica.it\/index.php\/nevralgia-del-trigemino\/\",\"name\":\"Nevralgia del trigemino -\",\"isPartOf\":{\"@id\":\"https:\/\/tuttointerventistica.it\/#website\"},\"datePublished\":\"2025-03-04T17:14:56+00:00\",\"breadcrumb\":{\"@id\":\"https:\/\/tuttointerventistica.it\/index.php\/nevralgia-del-trigemino\/#breadcrumb\"},\"inLanguage\":\"en-US\",\"potentialAction\":[{\"@type\":\"ReadAction\",\"target\":[\"https:\/\/tuttointerventistica.it\/index.php\/nevralgia-del-trigemino\/\"]}]},{\"@type\":\"BreadcrumbList\",\"@id\":\"https:\/\/tuttointerventistica.it\/index.php\/nevralgia-del-trigemino\/#breadcrumb\",\"itemListElement\":[{\"@type\":\"ListItem\",\"position\":1,\"name\":\"Home\",\"item\":\"https:\/\/tuttointerventistica.it\/\"},{\"@type\":\"ListItem\",\"position\":2,\"name\":\"Nevralgia del trigemino\"}]},{\"@type\":\"WebSite\",\"@id\":\"https:\/\/tuttointerventistica.it\/#website\",\"url\":\"https:\/\/tuttointerventistica.it\/\",\"name\":\"\",\"description\":\"\",\"potentialAction\":[{\"@type\":\"SearchAction\",\"target\":{\"@type\":\"EntryPoint\",\"urlTemplate\":\"https:\/\/tuttointerventistica.it\/?s={search_term_string}\"},\"query-input\":{\"@type\":\"PropertyValueSpecification\",\"valueRequired\":true,\"valueName\":\"search_term_string\"}}],\"inLanguage\":\"en-US\"}]}<\/script>\n<!-- \/ Yoast SEO plugin. -->","yoast_head_json":{"title":"Nevralgia del trigemino -","robots":{"index":"index","follow":"follow","max-snippet":"max-snippet:-1","max-image-preview":"max-image-preview:large","max-video-preview":"max-video-preview:-1"},"canonical":"https:\/\/tuttointerventistica.it\/index.php\/nevralgia-del-trigemino\/","og_locale":"en_US","og_type":"article","og_title":"Nevralgia del trigemino -","og_description":"[vc_row][vc_column width=&#8221;2\/3&#8243;][vc_empty_space][vc_accordion][vc_accordion_tab title=&#8221;Nevralgia del trigemino: Cos\u2019\u00e8, Sintomi e Cause&#8221; tab_id=&#8221;nevralgia-trigemino&#8221;][vc_nested_tabs][vc_nested_tab title=&#8221;Cos\u2019\u00e8 la Nevralgia del trigemino&#8221; tab_id=&#8221;cos-e&#8221;][vc_column_text css=&#8221;&#8221;] La nevralgia del trigemino, nota anche come tic doloroso, \u00e8 una condizione neurologica cronica che provoca dolori intensi e improvvisi al volto, che sono simili a scosse elettriche. Questi attacchi di dolore acuto possono durare da pochi secondi","og_url":"https:\/\/tuttointerventistica.it\/index.php\/nevralgia-del-trigemino\/","twitter_card":"summary_large_image","twitter_misc":{"Est. reading time":"9 minutes"},"schema":{"@context":"https:\/\/schema.org","@graph":[{"@type":"WebPage","@id":"https:\/\/tuttointerventistica.it\/index.php\/nevralgia-del-trigemino\/","url":"https:\/\/tuttointerventistica.it\/index.php\/nevralgia-del-trigemino\/","name":"Nevralgia del trigemino -","isPartOf":{"@id":"https:\/\/tuttointerventistica.it\/#website"},"datePublished":"2025-03-04T17:14:56+00:00","breadcrumb":{"@id":"https:\/\/tuttointerventistica.it\/index.php\/nevralgia-del-trigemino\/#breadcrumb"},"inLanguage":"en-US","potentialAction":[{"@type":"ReadAction","target":["https:\/\/tuttointerventistica.it\/index.php\/nevralgia-del-trigemino\/"]}]},{"@type":"BreadcrumbList","@id":"https:\/\/tuttointerventistica.it\/index.php\/nevralgia-del-trigemino\/#breadcrumb","itemListElement":[{"@type":"ListItem","position":1,"name":"Home","item":"https:\/\/tuttointerventistica.it\/"},{"@type":"ListItem","position":2,"name":"Nevralgia del trigemino"}]},{"@type":"WebSite","@id":"https:\/\/tuttointerventistica.it\/#website","url":"https:\/\/tuttointerventistica.it\/","name":"","description":"","potentialAction":[{"@type":"SearchAction","target":{"@type":"EntryPoint","urlTemplate":"https:\/\/tuttointerventistica.it\/?s={search_term_string}"},"query-input":{"@type":"PropertyValueSpecification","valueRequired":true,"valueName":"search_term_string"}}],"inLanguage":"en-US"}]}},"_links":{"self":[{"href":"https:\/\/tuttointerventistica.it\/index.php\/wp-json\/wp\/v2\/pages\/4913","targetHints":{"allow":["GET"]}}],"collection":[{"href":"https:\/\/tuttointerventistica.it\/index.php\/wp-json\/wp\/v2\/pages"}],"about":[{"href":"https:\/\/tuttointerventistica.it\/index.php\/wp-json\/wp\/v2\/types\/page"}],"author":[{"embeddable":true,"href":"https:\/\/tuttointerventistica.it\/index.php\/wp-json\/wp\/v2\/users\/1"}],"replies":[{"embeddable":true,"href":"https:\/\/tuttointerventistica.it\/index.php\/wp-json\/wp\/v2\/comments?post=4913"}],"version-history":[{"count":9,"href":"https:\/\/tuttointerventistica.it\/index.php\/wp-json\/wp\/v2\/pages\/4913\/revisions"}],"predecessor-version":[{"id":4923,"href":"https:\/\/tuttointerventistica.it\/index.php\/wp-json\/wp\/v2\/pages\/4913\/revisions\/4923"}],"wp:attachment":[{"href":"https:\/\/tuttointerventistica.it\/index.php\/wp-json\/wp\/v2\/media?parent=4913"}],"curies":[{"name":"wp","href":"https:\/\/api.w.org\/{rel}","templated":true}]}}