{"id":4997,"date":"2025-03-05T12:31:13","date_gmt":"2025-03-05T12:31:13","guid":{"rendered":"https:\/\/stage.tuttointerventistica.it\/?page_id=4997"},"modified":"2025-03-07T19:32:43","modified_gmt":"2025-03-07T19:32:43","slug":"piede-diabetico","status":"publish","type":"page","link":"https:\/\/tuttointerventistica.it\/index.php\/piede-diabetico\/","title":{"rendered":"Piede Diabetico"},"content":{"rendered":"<div class=\"wpb-content-wrapper\"><p>[vc_row][vc_column width=&#8221;2\/3&#8243;]<h3 class=\"sentence template-quote-2\">La Radiologia Interventistica offre trattamenti mini-invasivi e altamente efficaci, con tempi di recupero rapidi. Un esempio \u00e8 l'angioplastica nel piede diabetico, che migliora la circolazione e accelera la guarigione delle ulcere, riducendo il rischio di complicanze e permettendo un rapido ritorno alle normali attivit\u00e0.<\/h3>[vc_empty_space][vc_accordion][vc_accordion_tab title=&#8221;Piede Diabetico: Cos\u2019\u00e8, Sintomi e Causei&#8221; tab_id=&#8221;piede-diabetico&#8221;][vc_nested_tabs][vc_nested_tab title=&#8221;Cos\u2019\u00e8 il Piede Diabetico?&#8221; tab_id=&#8221;piede-diabetico&#8221;][vc_column_text css=&#8221;&#8221;]<\/p>\n<p data-start=\"123\" data-end=\"353\">Il piede diabetico \u00e8 una condizione caratterizzata da infezioni, ulcerazioni o distruzione dei tessuti profondi, associata a neuropatia e\/o malattia arteriosa periferica negli individui con diabete.<\/p>\n<p data-start=\"355\" data-end=\"589\">Secondo l&#8217;International Consensus, il piede diabetico \u00e8 definito come \u201cun&#8217;infezione, ulcerazione e\/o distruzione dei tessuti profondi, associata a anomalie neurologiche e a vari gradi di vasculopatia periferica degli arti inferiori\u201d.<\/p>\n<p data-start=\"591\" data-end=\"1032\">Molti pazienti, pur non avendo mai subito una lesione evidente al piede, presentano complicanze neuro-vascolari che li pongono a rischio di sviluppare il piede diabetico. Nel tempo, la definizione di piede diabetico si \u00e8 ampliata, comprendendo tutte le \u201calterazioni anatomo-funzionali causate dall&#8217;arteriopatia occlusiva periferica e\/o dalla neuropatia diabetica\u201d, fattori che compromettono la salute e la funzionalit\u00e0 degli arti inferiori.<\/p>\n<p data-start=\"1034\" data-end=\"1160\" data-is-last-node=\"\" data-is-only-node=\"\">Questo approccio evidenzia l\u2019importanza di un monitoraggio continuo e di un trattamento precoce per evitare gravi complicanze.<\/p>\n<p>[\/vc_column_text][\/vc_nested_tab][vc_nested_tab title=&#8221;Sintomi &#8221; tab_id=&#8221;sintomi-piedediabetico&#8221;][vc_column_text css=&#8221;&#8221;]<\/p>\n<p data-start=\"139\" data-end=\"464\">I primi segnali di allarme del piede diabetico includono formicolio e sensazione di punture di spillo al piede o alla gamba, soprattutto durante la notte, una progressiva perdita di sensibilit\u00e0 che rende difficile la camminata, e la comparsa di callosit\u00e0 non dolorose sulla pianta dei piedi.<\/p>\n<p data-start=\"466\" data-end=\"703\">Tuttavia, \u00e8 importante sottolineare che questi sintomi o segni clinici possono essere causati anche da altre patologie, talvolta meno gravi. In ogni caso, la comparsa di uno o pi\u00f9 di questi segnali richiede un consulto medico tempestivo:<\/p>\n<ul data-start=\"705\" data-end=\"1041\">\n<li data-start=\"705\" data-end=\"790\">Arrossamenti, vesciche o vere e proprie lesioni a carico del piede o della caviglia<\/li>\n<li data-start=\"791\" data-end=\"826\">Dolore di qualsiasi tipo al piede<\/li>\n<li data-start=\"827\" data-end=\"859\">Difficolt\u00e0 nella deambulazione<\/li>\n<li data-start=\"860\" data-end=\"929\">Cambiamenti nel colore della pelle di una parte o di tutto il piede<\/li>\n<li data-start=\"930\" data-end=\"944\">Piedi freddi<\/li>\n<li data-start=\"945\" data-end=\"982\">Gonfiore del piede o della caviglia<\/li>\n<li data-start=\"983\" data-end=\"1041\" data-is-only-node=\"\">Febbre accompagnata da arrossamento o gonfiore del piede<\/li>\n<\/ul>\n<p data-start=\"1043\" data-end=\"1573\">La neuropatia e la vasculopatia, complicanze comuni nel diabete, sono alla base di questi segni e sintomi. La neuropatia comporta una riduzione della sensibilit\u00e0 e la formazione di deformit\u00e0 (come dita ad artiglio, piede cavo o alluce valgo), che aumentano il rischio di lesioni ulcerative. La vasculopatia, invece, determina un\u2019insufficiente afflusso sanguigno al piede, rendendo pi\u00f9 difficile la guarigione delle ulcere, che possono infettarsi, coinvolgere l&#8217;osso e aumentare il rischio di complicanze gravi, come l&#8217;amputazione.<\/p>\n<p data-start=\"1575\" data-end=\"1703\">Il paziente diabetico che avverte anche solo uno di questi sintomi dovrebbe rivolgersi immediatamente a un Centro Specializzato.<\/p>\n<p data-start=\"1705\" data-end=\"2074\" data-is-last-node=\"\" data-is-only-node=\"\">Il nostro centro offre un team multidisciplinare di Medici Specialisti, ciascuno con un ruolo specifico e complementare. Diabetologi, Nefrologi, Ortopedici, Radiologi, Chirurghi Vascolari, Chirurghi Plastici, Anestesisti, insieme a un gruppo di infermieri professionisti e podologi specializzati, seguono i pazienti in tutte le fasi del trattamento del piede diabetico.<\/p>\n<p>[\/vc_column_text][\/vc_nested_tab][vc_nested_tab title=&#8221;Cause&#8221; tab_id=&#8221;cause-piedediabetico&#8221;][vc_column_text css=&#8221;&#8221;]<\/p>\n<p data-start=\"63\" data-end=\"92\"><strong data-start=\"63\" data-end=\"92\">Cause del Piede Diabetico<\/strong><\/p>\n<p data-start=\"94\" data-end=\"189\">Il piede diabetico \u00e8 una complicanza del diabete mellito che origina da due principali fattori:<\/p>\n<ol>\n<li data-start=\"94\" data-end=\"189\"><strong data-start=\"194\" data-end=\"218\">Neuropatia diabetica<\/strong>: L&#8217;elevato livello di glucosio nel sangue pu\u00f2 danneggiare i nervi periferici, riducendo la sensibilit\u00e0 del piede. Questo porta a una diminuzione della percezione del dolore e della temperatura, rendendo pi\u00f9 probabili lesioni non avvertite che possono evolvere in ulcere.<\/li>\n<li data-start=\"94\" data-end=\"189\"><strong data-start=\"494\" data-end=\"521\">Arteriopatia periferica<\/strong>: Il diabete pu\u00f2 causare un indurimento e un restringimento dei vasi sanguigni, riducendo il flusso sanguigno agli arti inferiori. Una scarsa circolazione rallenta la guarigione delle ferite e aumenta il rischio di infezioni.<\/li>\n<\/ol>\n<p data-start=\"748\" data-end=\"787\"><strong data-start=\"748\" data-end=\"786\">Altri fattori di rischio includono<\/strong>:<\/p>\n<ul data-start=\"789\" data-end=\"1639\">\n<li data-start=\"789\" data-end=\"956\"><strong data-start=\"791\" data-end=\"825\">Controllo glicemico inadeguato<\/strong>: Livelli elevati di glucosio nel sangue possono danneggiare nervi e vasi sanguigni, aumentando il rischio di complicanze al piede.<\/li>\n<li data-start=\"957\" data-end=\"1104\"><strong data-start=\"959\" data-end=\"985\">Ipertensione arteriosa<\/strong>: La pressione alta pu\u00f2 contribuire a danni vascolari, riducendo ulteriormente il flusso sanguigno agli arti inferiori.<\/li>\n<li data-start=\"1105\" data-end=\"1255\"><strong data-start=\"1107\" data-end=\"1127\">Colesterolo alto<\/strong>: Elevati livelli di colesterolo possono favorire la formazione di placche nelle arterie, ostacolando la circolazione sanguigna.<\/li>\n<li data-start=\"1256\" data-end=\"1392\"><strong data-start=\"1258\" data-end=\"1266\">Fumo<\/strong>: Il tabacco danneggia i vasi sanguigni e riduce il flusso sanguigno, aumentando il rischio di complicanze al piede diabetico.<\/li>\n<li data-start=\"1393\" data-end=\"1512\"><strong data-start=\"1395\" data-end=\"1406\">Obesit\u00e0<\/strong>: Un peso corporeo eccessivo pu\u00f2 aumentare la pressione sui piedi, contribuendo alla formazione di ulcere.<\/li>\n<li data-start=\"1513\" data-end=\"1639\"><strong data-start=\"1515\" data-end=\"1531\">Sedentariet\u00e0<\/strong>: La mancanza di attivit\u00e0 fisica pu\u00f2 compromettere la circolazione sanguigna e la salute generale dei piedi.<\/li>\n<\/ul>\n<p data-start=\"1641\" data-end=\"1750\" data-is-last-node=\"\" data-is-only-node=\"\">\u00c8 fondamentale monitorare questi fattori di rischio per prevenire o gestire efficacemente il piede diabetico.<\/p>\n<p>[\/vc_column_text][\/vc_nested_tab][\/vc_nested_tabs][\/vc_accordion_tab][\/vc_accordion][\/vc_column][vc_column width=&#8221;1\/3&#8243;][vc_empty_space height=&#8221;90px&#8221;][vc_single_image image=&#8221;5003&#8243; img_size=&#8221;large&#8221; alignment=&#8221;center&#8221; style=&#8221;vc_box_rounded&#8221; css=&#8221;&#8221;][vc_empty_space][vc_single_image image=&#8221;5002&#8243; img_size=&#8221;large&#8221; alignment=&#8221;center&#8221; style=&#8221;vc_box_rounded&#8221; css=&#8221;&#8221;][\/vc_column][\/vc_row][vc_row top_margin=&#8221;page-margin-top-section&#8221; el_class=&#8221;flex-box&#8221;][vc_column width=&#8221;2\/3&#8243; el_class=&#8221;padding-bottom-128 column-limited&#8221;][vc_accordion][vc_accordion_tab title=&#8221;Piede Diabetico: Diagnosi e Trattamenti&#8221; tab_id=&#8221;piede-diabetico&#8221;][vc_nested_tabs][vc_nested_tab title=&#8221;Diagnosi&#8221; tab_id=&#8221;diagnosi-piedediabetico&#8221;][vc_column_text css=&#8221;&#8221;]<\/p>\n<p data-start=\"34\" data-end=\"290\">Un inquadramento diagnostico accurato \u00e8 essenziale per elaborare il piano terapeutico pi\u00f9 appropriato. La presenza di un\u2019ulcera al piede diabetico deve essere presa seriamente, poich\u00e9 comporta un alto rischio di infezione, e viene trattata come un\u2019urgenza.<\/p>\n<p data-start=\"292\" data-end=\"745\">Nei centri specializzati, \u00e8 disponibile un ambulatorio dedicato, dove i pazienti possono avere appuntamenti di controllo regolari o essere visitati con urgenza. In base alla valutazione, il medico decider\u00e0 se intervenire con un trattamento conservativo in regime ambulatoriale, oppure se sar\u00e0 necessario un ricovero, che pu\u00f2 essere programmato o immediato. Se la situazione lo richiede, il paziente verr\u00e0 indirizzato verso strutture attive 24 ore su 24.<\/p>\n<p data-start=\"747\" data-end=\"950\">Il trattamento dell\u2019ulcera comprende diverse fasi, che includono la stadiazione della lesione e, se necessario, una <em data-start=\"863\" data-end=\"884\">toeletta chirurgica<\/em> seguita da una medicazione adeguata per facilitare la guarigione.<\/p>\n<p data-start=\"952\" data-end=\"1066\">Per una diagnosi completa e per pianificare il trattamento migliore, potrebbero essere necessari i seguenti esami:<\/p>\n<ul>\n<li data-start=\"952\" data-end=\"1066\"><strong data-start=\"1070\" data-end=\"1108\">Esame microbiologico della lesione<\/strong>: Questo esame \u00e8 fondamentale per identificare la causa dell\u2019infezione, individuando i germi coinvolti. \u00c8 essenziale per scegliere il trattamento antibiotico pi\u00f9 mirato.<\/li>\n<li data-start=\"952\" data-end=\"1066\"><strong data-start=\"1283\" data-end=\"1312\">TAC o Risonanza magnetica<\/strong>: Questi esami di imaging permettono di individuare eventuali raccolte di pus profonde o sospetti di <em data-start=\"1413\" data-end=\"1427\">osteomielite<\/em> non visibili tramite radiografie tradizionali, aiutando a definire l&#8217;estensione dell&#8217;infezione.<\/li>\n<li data-start=\"952\" data-end=\"1066\"><strong data-start=\"1529\" data-end=\"1549\">Esami del sangue<\/strong>: Gli esami del sangue sono importanti per monitorare l&#8217;infiammazione (tramite emocromo, VES e PCR) e per valutare il <em data-start=\"1667\" data-end=\"1687\">compenso glicemico<\/em> (glicemia e HbA1c), poich\u00e9 livelli di glucosio non controllati possono ostacolare la guarigione.<\/li>\n<li data-start=\"952\" data-end=\"1066\"><strong data-start=\"1790\" data-end=\"1812\">Esame radiografico<\/strong>: Utilizzato per identificare la possibile <em data-start=\"1855\" data-end=\"1869\">osteomielite<\/em>, un&#8217;infezione ossea che pu\u00f2 derivare da ulcere non trattate adeguatamente.<\/li>\n<li data-start=\"952\" data-end=\"1066\"><strong data-start=\"1950\" data-end=\"1974\">Ecodoppler arterioso<\/strong>: Un esame ecografico che permette di valutare la circolazione sanguigna a livello degli arti inferiori, per identificare eventuali problemi di circolazione legati a <em data-start=\"2140\" data-end=\"2165\">arteriopatia periferica<\/em>, una complicanza comune nei pazienti diabetici.<\/li>\n<\/ul>\n<p data-start=\"2215\" data-end=\"2455\" data-is-last-node=\"\" data-is-only-node=\"\">Una diagnosi tempestiva e completa \u00e8 cruciale per affrontare al meglio le complicanze del piede diabetico e garantire un trattamento efficace. Non trascurare alcun sintomo e consultare un medico specializzato \u00e8 il primo passo verso la cura.<\/p>\n<p>[\/vc_column_text][\/vc_nested_tab][vc_nested_tab title=&#8221;Tratttamento&#8221; tab_id=&#8221;trattamento-piedediabetico&#8221;][vc_column_text css=&#8221;&#8221;]<\/p>\n<p data-start=\"175\" data-end=\"605\">Nel trattamento delle ulcere plantari, \u00e8 fondamentale intervenire con soluzioni specifiche, come <em data-start=\"272\" data-end=\"298\">calzature da medicazione<\/em> con solette o <em data-start=\"313\" data-end=\"332\">tutori in scarico<\/em>, che aiutano a ridurre la pressione sulle aree pi\u00f9 vulnerabili del piede. Tuttavia, in presenza di <em data-start=\"432\" data-end=\"460\">ischemia critica del piede<\/em>, dove il flusso sanguigno \u00e8 gravemente compromesso, potrebbe essere necessario un trattamento pi\u00f9 invasivo: l\u2019<em data-start=\"571\" data-end=\"584\">angiografia<\/em> e l\u2019<em data-start=\"589\" data-end=\"604\">angioplastica<\/em>.<\/p>\n<p data-start=\"607\" data-end=\"1013\">L\u2019angiografia \u00e8 una procedura minimamente invasiva che consente di esaminare i vasi sanguigni compromessi, mentre l\u2019angioplastica \u00e8 il trattamento che permette di riaprirli. Queste tecniche sono eseguite dal <em data-start=\"815\" data-end=\"840\">Radiologo Interventista<\/em> in anestesia locale e hanno come obiettivo principale quello di ripristinare un apporto sanguigno adeguato al piede, fondamentale per migliorare la guarigione delle ulcere.<\/p>\n<p data-start=\"1015\" data-end=\"1683\">La procedura inizia con un&#8217;incisione minima nella <em data-start=\"1065\" data-end=\"1083\">arteria femorale<\/em>, attraverso la quale viene inserito un catetere che permette l&#8217;iniezione di un mezzo di contrasto direttamente nelle arterie della gamba e del piede. Grazie all\u2019utilizzo delle radiazioni, il medico guida il catetere per studiare il percorso dell\u2019albero arterioso e identificare eventuali blocchi o restringimenti. Una volta individuata la causa del cattivo apporto di sangue, si interviene utilizzando un <em data-start=\"1489\" data-end=\"1514\">catetere con palloncino<\/em> che, gonfiandosi, riapre le arterie occluse. Questo processo permette di ripristinare la circolazione sanguigna verso il piede, facilitando la riparazione delle ulcere.<\/p>\n<p data-start=\"1685\" data-end=\"2139\">L\u2019intervento, che dura circa 1-2 ore, \u00e8 seguito da un periodo di ricovero di 1-2 notti, durante il quale il medico monitorer\u00e0 il recupero e l\u2019efficacia del trattamento. La riapertura delle arterie porta benefici significativi al processo di guarigione delle ulcere, riducendo i rischi di infezioni e migliorando la qualit\u00e0 della vita del paziente, come spiegato anche in questo studio scientifico pubblicato su <a href=\"https:\/\/pubmed.ncbi.nlm.nih.gov\/\" target=\"_new\" rel=\"noopener\" data-start=\"2096\" data-end=\"2138\">PubMed<\/a>.<\/p>\n<p data-start=\"2141\" data-end=\"2401\" data-is-last-node=\"\" data-is-only-node=\"\">Questa procedura \u00e8 una delle opzioni pi\u00f9 efficaci nella radiologia interventistica e, se eseguita tempestivamente, pu\u00f2 fare la differenza nel trattamento delle complicanze diabetiche, riducendo il rischio di amputazioni e migliorando il benessere del paziente.<\/p>\n<p>[\/vc_column_text][vc_row_inner][vc_column_inner width=&#8221;1\/2&#8243;][vc_single_image image=&#8221;5000&#8243; img_size=&#8221;large&#8221; alignment=&#8221;right&#8221; css=&#8221;&#8221; el_class=&#8221;image-gallery-spacing&#8221;][\/vc_column_inner][vc_column_inner width=&#8221;1\/2&#8243;][vc_single_image image=&#8221;5001&#8243; img_size=&#8221;large&#8221; alignment=&#8221;center&#8221; style=&#8221;vc_box_rounded&#8221; css=&#8221;&#8221;][\/vc_column_inner][\/vc_row_inner][\/vc_nested_tab][\/vc_nested_tabs][\/vc_accordion_tab][\/vc_accordion][\/vc_column][vc_column width=&#8221;1\/3&#8243;][\/vc_column][\/vc_row]<\/p>\n<\/div>","protected":false},"excerpt":{"rendered":"<p>[vc_row][vc_column width=&#8221;2\/3&#8243;][vc_empty_space][vc_accordion][vc_accordion_tab title=&#8221;Piede Diabetico: Cos\u2019\u00e8, Sintomi e Causei&#8221; tab_id=&#8221;piede-diabetico&#8221;][vc_nested_tabs][vc_nested_tab title=&#8221;Cos\u2019\u00e8 il Piede Diabetico?&#8221; tab_id=&#8221;piede-diabetico&#8221;][vc_column_text css=&#8221;&#8221;] Il piede diabetico \u00e8 una condizione caratterizzata da infezioni, ulcerazioni o distruzione dei tessuti profondi, associata a neuropatia e\/o malattia arteriosa periferica negli individui con diabete. Secondo l&#8217;International Consensus, il piede diabetico \u00e8 definito come \u201cun&#8217;infezione, ulcerazione e\/o distruzione dei<\/p>\n","protected":false},"author":1,"featured_media":0,"parent":0,"menu_order":0,"comment_status":"closed","ping_status":"closed","template":"","meta":{"footnotes":""},"class_list":["post-4997","page","type-page","status-publish","hentry"],"yoast_head":"<!-- This site is optimized with the Yoast SEO plugin v26.7 - https:\/\/yoast.com\/wordpress\/plugins\/seo\/ -->\n<title>Piede Diabetico -<\/title>\n<meta name=\"description\" content=\"La radiologia interventistica, con angioplastica e angiografia, migliora la circolazione e tratta le ulcere plantari nel piede diabetico.\" \/>\n<meta name=\"robots\" content=\"index, follow, max-snippet:-1, max-image-preview:large, max-video-preview:-1\" \/>\n<link rel=\"canonical\" href=\"https:\/\/tuttointerventistica.it\/index.php\/piede-diabetico\/\" \/>\n<meta property=\"og:locale\" content=\"en_US\" \/>\n<meta property=\"og:type\" content=\"article\" \/>\n<meta property=\"og:title\" content=\"Piede Diabetico -\" \/>\n<meta property=\"og:description\" content=\"La radiologia interventistica, con angioplastica e angiografia, migliora la circolazione e tratta le ulcere plantari nel piede diabetico.\" \/>\n<meta property=\"og:url\" content=\"https:\/\/tuttointerventistica.it\/index.php\/piede-diabetico\/\" \/>\n<meta property=\"article:modified_time\" content=\"2025-03-07T19:32:43+00:00\" \/>\n<meta name=\"twitter:card\" content=\"summary_large_image\" \/>\n<meta name=\"twitter:label1\" content=\"Est. reading time\" \/>\n\t<meta name=\"twitter:data1\" content=\"7 minutes\" \/>\n<script type=\"application\/ld+json\" class=\"yoast-schema-graph\">{\"@context\":\"https:\/\/schema.org\",\"@graph\":[{\"@type\":\"WebPage\",\"@id\":\"https:\/\/tuttointerventistica.it\/index.php\/piede-diabetico\/\",\"url\":\"https:\/\/tuttointerventistica.it\/index.php\/piede-diabetico\/\",\"name\":\"Piede Diabetico -\",\"isPartOf\":{\"@id\":\"https:\/\/tuttointerventistica.it\/#website\"},\"datePublished\":\"2025-03-05T12:31:13+00:00\",\"dateModified\":\"2025-03-07T19:32:43+00:00\",\"description\":\"La radiologia interventistica, con angioplastica e angiografia, migliora la circolazione e tratta le ulcere plantari nel piede diabetico.\",\"breadcrumb\":{\"@id\":\"https:\/\/tuttointerventistica.it\/index.php\/piede-diabetico\/#breadcrumb\"},\"inLanguage\":\"en-US\",\"potentialAction\":[{\"@type\":\"ReadAction\",\"target\":[\"https:\/\/tuttointerventistica.it\/index.php\/piede-diabetico\/\"]}]},{\"@type\":\"BreadcrumbList\",\"@id\":\"https:\/\/tuttointerventistica.it\/index.php\/piede-diabetico\/#breadcrumb\",\"itemListElement\":[{\"@type\":\"ListItem\",\"position\":1,\"name\":\"Home\",\"item\":\"https:\/\/tuttointerventistica.it\/\"},{\"@type\":\"ListItem\",\"position\":2,\"name\":\"Piede Diabetico\"}]},{\"@type\":\"WebSite\",\"@id\":\"https:\/\/tuttointerventistica.it\/#website\",\"url\":\"https:\/\/tuttointerventistica.it\/\",\"name\":\"\",\"description\":\"\",\"potentialAction\":[{\"@type\":\"SearchAction\",\"target\":{\"@type\":\"EntryPoint\",\"urlTemplate\":\"https:\/\/tuttointerventistica.it\/?s={search_term_string}\"},\"query-input\":{\"@type\":\"PropertyValueSpecification\",\"valueRequired\":true,\"valueName\":\"search_term_string\"}}],\"inLanguage\":\"en-US\"}]}<\/script>\n<!-- \/ Yoast SEO plugin. -->","yoast_head_json":{"title":"Piede Diabetico -","description":"La radiologia interventistica, con angioplastica e angiografia, migliora la circolazione e tratta le ulcere plantari nel piede diabetico.","robots":{"index":"index","follow":"follow","max-snippet":"max-snippet:-1","max-image-preview":"max-image-preview:large","max-video-preview":"max-video-preview:-1"},"canonical":"https:\/\/tuttointerventistica.it\/index.php\/piede-diabetico\/","og_locale":"en_US","og_type":"article","og_title":"Piede Diabetico -","og_description":"La radiologia interventistica, con angioplastica e angiografia, migliora la circolazione e tratta le ulcere plantari nel piede diabetico.","og_url":"https:\/\/tuttointerventistica.it\/index.php\/piede-diabetico\/","article_modified_time":"2025-03-07T19:32:43+00:00","twitter_card":"summary_large_image","twitter_misc":{"Est. reading time":"7 minutes"},"schema":{"@context":"https:\/\/schema.org","@graph":[{"@type":"WebPage","@id":"https:\/\/tuttointerventistica.it\/index.php\/piede-diabetico\/","url":"https:\/\/tuttointerventistica.it\/index.php\/piede-diabetico\/","name":"Piede Diabetico -","isPartOf":{"@id":"https:\/\/tuttointerventistica.it\/#website"},"datePublished":"2025-03-05T12:31:13+00:00","dateModified":"2025-03-07T19:32:43+00:00","description":"La radiologia interventistica, con angioplastica e angiografia, migliora la circolazione e tratta le ulcere plantari nel piede diabetico.","breadcrumb":{"@id":"https:\/\/tuttointerventistica.it\/index.php\/piede-diabetico\/#breadcrumb"},"inLanguage":"en-US","potentialAction":[{"@type":"ReadAction","target":["https:\/\/tuttointerventistica.it\/index.php\/piede-diabetico\/"]}]},{"@type":"BreadcrumbList","@id":"https:\/\/tuttointerventistica.it\/index.php\/piede-diabetico\/#breadcrumb","itemListElement":[{"@type":"ListItem","position":1,"name":"Home","item":"https:\/\/tuttointerventistica.it\/"},{"@type":"ListItem","position":2,"name":"Piede Diabetico"}]},{"@type":"WebSite","@id":"https:\/\/tuttointerventistica.it\/#website","url":"https:\/\/tuttointerventistica.it\/","name":"","description":"","potentialAction":[{"@type":"SearchAction","target":{"@type":"EntryPoint","urlTemplate":"https:\/\/tuttointerventistica.it\/?s={search_term_string}"},"query-input":{"@type":"PropertyValueSpecification","valueRequired":true,"valueName":"search_term_string"}}],"inLanguage":"en-US"}]}},"_links":{"self":[{"href":"https:\/\/tuttointerventistica.it\/index.php\/wp-json\/wp\/v2\/pages\/4997","targetHints":{"allow":["GET"]}}],"collection":[{"href":"https:\/\/tuttointerventistica.it\/index.php\/wp-json\/wp\/v2\/pages"}],"about":[{"href":"https:\/\/tuttointerventistica.it\/index.php\/wp-json\/wp\/v2\/types\/page"}],"author":[{"embeddable":true,"href":"https:\/\/tuttointerventistica.it\/index.php\/wp-json\/wp\/v2\/users\/1"}],"replies":[{"embeddable":true,"href":"https:\/\/tuttointerventistica.it\/index.php\/wp-json\/wp\/v2\/comments?post=4997"}],"version-history":[{"count":6,"href":"https:\/\/tuttointerventistica.it\/index.php\/wp-json\/wp\/v2\/pages\/4997\/revisions"}],"predecessor-version":[{"id":5007,"href":"https:\/\/tuttointerventistica.it\/index.php\/wp-json\/wp\/v2\/pages\/4997\/revisions\/5007"}],"wp:attachment":[{"href":"https:\/\/tuttointerventistica.it\/index.php\/wp-json\/wp\/v2\/media?parent=4997"}],"curies":[{"name":"wp","href":"https:\/\/api.w.org\/{rel}","templated":true}]}}