{"id":6399,"date":"2025-03-26T12:45:11","date_gmt":"2025-03-26T12:45:11","guid":{"rendered":"https:\/\/stage.tuttointerventistica.it\/?page_id=6399"},"modified":"2025-04-18T13:36:55","modified_gmt":"2025-04-18T13:36:55","slug":"pubblicazioni","status":"publish","type":"page","link":"https:\/\/tuttointerventistica.it\/index.php\/pubblicazioni\/","title":{"rendered":"Pubblicazioni"},"content":{"rendered":"<div class=\"wpb-content-wrapper\"><p>[vc_row top_margin=&#8221;page-margin-top&#8221; el_position=&#8221;first&#8221;][vc_column width=&#8221;1\/2&#8243;]<div class=\"gallery-box small-slider hover-icons-off\"><ul class=\"image-carousel small_slider id-small_slider autoplay-1 pause_on_hover-1 scroll-1 effect-scroll easing-easeInOutQuint duration-750\"><li><img loading=\"lazy\" decoding=\"async\" width=\"600\" height=\"400\" src=\"https:\/\/tuttointerventistica.it\/wp-content\/uploads\/2025\/04\/pubblicazione-scientifica-radiologia-interventistica-ierardi.jp_-600x400.webp\" class=\"attachment-medicenter-gallery-image size-medicenter-gallery-image\" alt=\"\" srcset=\"https:\/\/tuttointerventistica.it\/wp-content\/uploads\/2025\/04\/pubblicazione-scientifica-radiologia-interventistica-ierardi.jp_-600x400.webp 600w, https:\/\/tuttointerventistica.it\/wp-content\/uploads\/2025\/04\/pubblicazione-scientifica-radiologia-interventistica-ierardi.jp_-300x200.webp 300w, https:\/\/tuttointerventistica.it\/wp-content\/uploads\/2025\/04\/pubblicazione-scientifica-radiologia-interventistica-ierardi.jp_-480x320.webp 480w, https:\/\/tuttointerventistica.it\/wp-content\/uploads\/2025\/04\/pubblicazione-scientifica-radiologia-interventistica-ierardi.jp_-390x260.webp 390w, https:\/\/tuttointerventistica.it\/wp-content\/uploads\/2025\/04\/pubblicazione-scientifica-radiologia-interventistica-ierardi.jp_-285x190.webp 285w, https:\/\/tuttointerventistica.it\/wp-content\/uploads\/2025\/04\/pubblicazione-scientifica-radiologia-interventistica-ierardi.jp_.webp 670w\" sizes=\"auto, (max-width: 600px) 100vw, 600px\" \/><ul class=\"controls\">\n\t\t\t\t<li>\n\t\t\t\t\t<a href=\"https:\/\/stage.tuttointerventistica.it\/wp-content\/uploads\/2025\/04\/pubblicazione-scientifica-radiologia-interventistica-ierardi.jp_.webp\" class=\"template-plus-2 fancybox open-lightbox\" rel=\"small_slider[small_slider]\"><\/a>\n\t\t\t\t<\/li>\n\t\t\t<\/ul>\n\t\t<\/li><\/ul><\/div>[\/vc_column][vc_column width=&#8221;1\/2&#8243;]<h2 class=\"box-header animation-slide\">La Nostra Attivit\u00e0 Scientifica e Ricerca Medica<\/h2>[vc_column_text css=&#8221;&#8221; el_class=&#8221;no-margin description&#8221;]<\/p>\n<p class=\"\" data-start=\"230\" data-end=\"544\">In medicina, ogni decisione terapeutica e intervento si fonda su anni di ricerche cliniche e studi scientifici che ne validano l\u2019efficacia e la sicurezza. La nostra filosofia si basa sul costante aggiornamento e sull\u2019analisi rigorosa dei dati, cos\u00ec da garantire ai pazienti le soluzioni pi\u00f9 innovative ed efficaci. La raccolta accurata dei dati, il confronto con gli studi pi\u00f9 recenti e la continua formazione sono fondamentali per offrire ai pazienti il massimo della qualit\u00e0 nelle cure.<\/p>\n<p>[\/vc_column_text]<h3 class=\"box-header margin-top-10 animation-slide\">Pubblicazioni Scientifiche e Contributi dei Nostri Esperti<\/h3>[vc_column_text css=&#8221;&#8221;]In questa sezione, presentiamo le pubblicazioni scientifiche, i risultati delle nostre attivit\u00e0 di ricerca e gli studi condotti dai nostri medici. Ogni contributo riflette il nostro impegno costante nel migliorare le pratiche mediche e garantire ai nostri pazienti le migliori opzioni terapeutiche basate sull&#8217;evidenza scientifica.[\/vc_column_text][\/vc_column][\/vc_row][vc_row top_margin=&#8221;page-margin-top&#8221;][vc_column][vc_separator el_position=&#8221;first last&#8221;][vc_empty_space][\/vc_column][\/vc_row][vc_row el_id=&#8221;rowid&#8221;][vc_column width=&#8221;1\/4&#8243; el_class=&#8221;two-columns-mobile&#8221; el_id=&#8221;columnid&#8221;][vc_single_image image=&#8221;6419&#8243; img_size=&#8221;medium&#8221; onclick=&#8221;custom_link&#8221; css=&#8221;&#8221; link=&#8221;https:\/\/link.springer.com\/article\/10.1007\/s00270-022-03293-x&#8221;][vc_empty_space]<h3 class=\"box-header animation-slide\">Novembre 2022<\/h3>[vc_column_text css=&#8221;&#8221;]<\/p>\n<div class=\"btSuperTitle\">NCBI<\/div>\n<div class=\"btSubTitle\">Ierardi AM, Biondetti P.<\/div>\n<p>[\/vc_column_text][\/vc_column][vc_column width=&#8221;1\/4&#8243; el_class=&#8221;two-columns-mobile&#8221; el_id=&#8221;columnid&#8221;][vc_single_image image=&#8221;6454&#8243; img_size=&#8221;medium&#8221; onclick=&#8221;custom_link&#8221; css=&#8221;&#8221; link=&#8221;https:\/\/pubmed.ncbi.nlm.nih.gov\/35314628\/&#8221; el_class=&#8221;my-custom-image-size&#8221;][vc_empty_space]<h3 class=\"box-header animation-slide\">Marzo 2022<\/h3>[vc_column_text css=&#8221;&#8221;]<\/p>\n<div class=\"btSuperTitle\">NCBI<\/div>\n<div class=\"btSubTitle\">Ierardi AM, Carrafiello G.<\/div>\n<p>[\/vc_column_text][\/vc_column][vc_column width=&#8221;1\/4&#8243; el_class=&#8221;two-columns-mobile&#8221; el_id=&#8221;columnid&#8221;][vc_single_image image=&#8221;6455&#8243; img_size=&#8221;medium&#8221; onclick=&#8221;custom_link&#8221; css=&#8221;&#8221; link=&#8221;https:\/\/pubmed.ncbi.nlm.nih.gov\/34801322\/&#8221; el_class=&#8221;my-custom-image-size&#8221;][vc_empty_space]<h3 class=\"box-header animation-slide\">Febbraio 2022<\/h3>[vc_column_text css=&#8221;&#8221;]<\/p>\n<div class=\"btSuperTitle\">La radiologia medica<\/div>\n<div class=\"btSubTitle\">Cararfiello G, Ierardi AM<\/div>\n<p>[\/vc_column_text][\/vc_column][vc_column width=&#8221;1\/4&#8243; el_class=&#8221;two-columns-mobile&#8221; el_id=&#8221;columnid&#8221;][vc_single_image image=&#8221;6456&#8243; img_size=&#8221;medium&#8221; onclick=&#8221;custom_link&#8221; css=&#8221;&#8221; link=&#8221;https:\/\/pubmed.ncbi.nlm.nih.gov\/34830949\/&#8221; el_class=&#8221;my-custom-image-size&#8221;][vc_empty_space]<h3 class=\"box-header animation-slide\">Novembre 2021<\/h3>[vc_column_text css=&#8221;&#8221;]<\/p>\n<div class=\"btSuperTitle\">Pubmed<\/div>\n<div class=\"btSubTitle\">Ierardi AM, Biondetti P.<\/div>\n<p>[\/vc_column_text][\/vc_column][\/vc_row][vc_row top_margin=&#8221;page-margin-top&#8221;][vc_column][vc_separator el_position=&#8221;first last&#8221;][vc_empty_space][vc_empty_space][\/vc_column][\/vc_row][vc_row el_id=&#8221;rowid&#8221;][vc_column width=&#8221;1\/4&#8243; el_class=&#8221;two-columns-mobile&#8221; el_id=&#8221;columnid&#8221;][vc_single_image image=&#8221;6453&#8243; img_size=&#8221;medium&#8221; onclick=&#8221;custom_link&#8221; css=&#8221;&#8221; link=&#8221;https:\/\/pmc.ncbi.nlm.nih.gov\/articles\/PMC8541615\/&#8221; el_class=&#8221;my-custom-image-size&#8221;][vc_empty_space]<h3 class=\"box-header animation-slide\">Ottobre 2021<\/h3>[vc_column_text css=&#8221;&#8221;]<\/p>\n<div class=\"btSuperTitle\">Pubmed<\/div>\n<div class=\"btSubTitle\">Ierardi AM, Carrafiello G<\/div>\n<p>[\/vc_column_text][\/vc_column][vc_column width=&#8221;1\/4&#8243; el_class=&#8221;two-columns-mobile&#8221; el_id=&#8221;columnid&#8221;][vc_single_image image=&#8221;6452&#8243; img_size=&#8221;medium&#8221; onclick=&#8221;custom_link&#8221; css=&#8221;&#8221; link=&#8221;https:\/\/www.ncbi.nlm.nih.gov\/pmc\/articles\/PMC8276367\/&#8221; el_class=&#8221;my-custom-image-size&#8221;][vc_empty_space]<h3 class=\"box-header animation-slide\">Agosto 2021<\/h3>[vc_column_text css=&#8221;&#8221;]<\/p>\n<div class=\"btSuperTitle\">NCBI<\/div>\n<div class=\"btSubTitle\">Ierardi AM<\/div>\n<p>[\/vc_column_text][\/vc_column][vc_column width=&#8221;1\/4&#8243; el_class=&#8221;two-columns-mobile&#8221; el_id=&#8221;columnid&#8221;][vc_single_image image=&#8221;6459&#8243; img_size=&#8221;medium&#8221; onclick=&#8221;custom_link&#8221; css=&#8221;&#8221; link=&#8221;https:\/\/link.springer.com\/epdf\/10.1007\/s11547-021-01356-6?sharing_token=xapR41yG-dEKfJpRQyU1EPe4RwlQNchNByi7wbcMAY6adBgQ5Ad8jSrt7CnycW7CESlftkitRdKGAVL7AtYHYcG-C9RcJ521lU1iKW_qEYUZZhiVhA13u-I7RijcAQ9cVUVWN_TwMIQCgErftB5Mv7bBgYGHhTGDBc4wnAJ6VeE%3D&#8221; el_class=&#8221;my-custom-image-size&#8221;][vc_empty_space]<h3 class=\"box-header animation-slide\">Giugno 2021<\/h3>[vc_column_text css=&#8221;&#8221;]<\/p>\n<div class=\"btSuperTitle\">La radiologia medica<\/div>\n<div class=\"btSubTitle\">Cararfiello G, Ierardi AM, Biondetti P.<\/div>\n<p>[\/vc_column_text][\/vc_column][vc_column width=&#8221;1\/4&#8243; el_class=&#8221;two-columns-mobile&#8221; el_id=&#8221;columnid&#8221;][vc_single_image image=&#8221;6422&#8243; img_size=&#8221;medium&#8221; onclick=&#8221;custom_link&#8221; css=&#8221;&#8221; link=&#8221;https:\/\/pubmed.ncbi.nlm.nih.gov\/34830949\/&#8221;][vc_empty_space]<h3 class=\"box-header animation-slide\">Aprile 2021<\/h3>[vc_column_text css=&#8221;&#8221;]<\/p>\n<div class=\"btSuperTitle\">Pubmed<\/div>\n<div class=\"btSubTitle\">Ierardi AM, Biondetti P.<\/div>\n<p>[\/vc_column_text][\/vc_column][\/vc_row][vc_row top_margin=&#8221;page-margin-top&#8221;][vc_column][vc_separator el_position=&#8221;first last&#8221;][vc_empty_space][vc_empty_space][\/vc_column][\/vc_row][vc_row el_id=&#8221;rowid&#8221;][vc_column width=&#8221;1\/4&#8243; el_class=&#8221;two-columns-mobile&#8221; el_id=&#8221;columnid&#8221;][vc_single_image image=&#8221;6445&#8243; img_size=&#8221;medium&#8221; onclick=&#8221;custom_link&#8221; css=&#8221;&#8221; link=&#8221;https:\/\/tuttointerventistica.it\/wp-content\/uploads\/2021\/04\/jcm-10-01372.pdf&#8221; el_class=&#8221;my-custom-image-size&#8221;][vc_empty_space]<h3 class=\"box-header animation-slide\">Novembre 2022<\/h3>[vc_column_text css=&#8221;&#8221;]<\/p>\n<div class=\"btSuperTitle\">Pubmed<\/div>\n<div class=\"btSubTitle\">Ierardi AM, Carrafiello G<\/div>\n<p>[\/vc_column_text][\/vc_column][vc_column width=&#8221;1\/4&#8243; el_class=&#8221;two-columns-mobile&#8221; el_id=&#8221;columnid&#8221;][vc_single_image image=&#8221;6462&#8243; img_size=&#8221;medium&#8221; onclick=&#8221;custom_link&#8221; css=&#8221;&#8221; link=&#8221;https:\/\/journals.lww.com\/ajg\/citation\/2021\/04000\/gastrointestinal_hemorrhages_in_patients_with.47.aspx&#8221; el_class=&#8221;my-custom-image-size&#8221;][vc_empty_space]<h3 class=\"box-header animation-slide\">Agosto 2021<\/h3>[vc_column_text css=&#8221;&#8221;]<\/p>\n<div class=\"btSuperTitle\">NCBI<\/div>\n<div class=\"btSubTitle\">Ierardi AM<\/div>\n<p>[\/vc_column_text][\/vc_column][vc_column width=&#8221;1\/4&#8243; el_class=&#8221;two-columns-mobile&#8221; el_id=&#8221;columnid&#8221;][vc_single_image image=&#8221;6464&#8243; img_size=&#8221;medium&#8221; onclick=&#8221;custom_link&#8221; css=&#8221;&#8221; link=&#8221;https:\/\/pubmed.ncbi.nlm.nih.gov\/32654028\/&#8221; el_class=&#8221;my-custom-image-size&#8221;][vc_empty_space]<h3 class=\"box-header animation-slide\">Settembre 2020<\/h3>[vc_column_text css=&#8221;&#8221;]<\/p>\n<div class=\"btSuperTitle\">La radiologia medica<\/div>\n<div class=\"btSubTitle\">Cararfiello G, Ierardi AM, Biondetti P.<\/div>\n<p>[\/vc_column_text][\/vc_column][vc_column width=&#8221;1\/4&#8243; el_class=&#8221;two-columns-mobile&#8221; el_id=&#8221;columnid&#8221;][vc_single_image image=&#8221;6466&#8243; img_size=&#8221;medium&#8221; onclick=&#8221;custom_link&#8221; css=&#8221;&#8221; link=&#8221;https:\/\/pubmed.ncbi.nlm.nih.gov\/32809207\/&#8221; el_class=&#8221;my-custom-image-size&#8221;][vc_empty_space]<h3 class=\"box-header animation-slide\">Agosto 2020<\/h3>[vc_column_text css=&#8221;&#8221;]<\/p>\n<div class=\"btSuperTitle\">Pubmed<\/div>\n<div class=\"btSubTitle\">Ierardi AM, Biondetti P.<\/div>\n<p>[\/vc_column_text][\/vc_column][\/vc_row][vc_row top_margin=&#8221;page-margin-top&#8221;][vc_column][vc_separator el_position=&#8221;first last&#8221;][vc_empty_space][vc_empty_space][\/vc_column][\/vc_row][vc_row el_id=&#8221;rowid&#8221;][vc_column width=&#8221;1\/4&#8243; el_class=&#8221;two-columns-mobile&#8221; el_id=&#8221;columnid&#8221;][vc_single_image image=&#8221;6468&#8243; img_size=&#8221;medium&#8221; onclick=&#8221;custom_link&#8221; css=&#8221;&#8221; link=&#8221;https:\/\/pubmed.ncbi.nlm.nih.gov\/32499157\/&#8221; el_class=&#8221;my-custom-image-size&#8221;][vc_empty_space]<h3 class=\"box-header animation-slide\">Luglio 2020<\/h3>[vc_column_text css=&#8221;&#8221;]<\/p>\n<div class=\"btSuperTitle\">Pubmed<\/div>\n<div class=\"btSubTitle\">Ierardi AM, Carrafiello G<\/div>\n<p>[\/vc_column_text][\/vc_column][vc_column width=&#8221;1\/4&#8243; el_class=&#8221;two-columns-mobile&#8221; el_id=&#8221;columnid&#8221;][vc_single_image image=&#8221;6469&#8243; img_size=&#8221;medium&#8221; onclick=&#8221;custom_link&#8221; css=&#8221;&#8221; link=&#8221;https:\/\/link.springer.com\/article\/10.1007\/s12032-020-01364-y&#8221; el_class=&#8221;my-custom-image-size&#8221;][vc_empty_space]<h3 class=\"box-header animation-slide\">Maggio 2020<\/h3>[vc_column_text css=&#8221;&#8221;]<\/p>\n<div class=\"btSuperTitle\">Springer<\/div>\n<div class=\"btSubTitle\">Ierardi AM<\/div>\n<p>[\/vc_column_text][\/vc_column][vc_column width=&#8221;1\/4&#8243; el_class=&#8221;two-columns-mobile&#8221; el_id=&#8221;columnid&#8221;][vc_single_image image=&#8221;6471&#8243; img_size=&#8221;medium&#8221; onclick=&#8221;custom_link&#8221; css=&#8221;&#8221; link=&#8221;https:\/\/gs.amegroups.org\/article\/view\/24637\/html&#8221; el_class=&#8221;my-custom-image-size&#8221;][vc_empty_space]<h3 class=\"box-header animation-slide\">Aprile 2019<\/h3>[vc_column_text css=&#8221;&#8221;]<\/p>\n<div class=\"btSuperTitle\">La radiologia medica<\/div>\n<div class=\"btSubTitle\">Cararfiello G, Ierardi AM, Biondetti P.<\/div>\n<p>[\/vc_column_text][\/vc_column][vc_column width=&#8221;1\/4&#8243; el_class=&#8221;two-columns-mobile&#8221; el_id=&#8221;columnid&#8221;][vc_single_image image=&#8221;6473&#8243; img_size=&#8221;medium&#8221; onclick=&#8221;custom_link&#8221; css=&#8221;&#8221; link=&#8221;https:\/\/pubmed.ncbi.nlm.nih.gov\/30826921\/&#8221; el_class=&#8221;my-custom-image-size&#8221;][vc_empty_space]<h3 class=\"box-header animation-slide\">Marzo 2019<\/h3>[vc_column_text css=&#8221;&#8221;]<\/p>\n<div class=\"btSuperTitle\">Pubmed<\/div>\n<div class=\"btSubTitle\">Ierardi AM, Biondetti P.<\/div>\n<p>[\/vc_column_text][\/vc_column][\/vc_row][vc_row top_margin=&#8221;page-margin-top&#8221;][vc_column][vc_separator el_position=&#8221;first last&#8221;][vc_empty_space][vc_empty_space][\/vc_column][\/vc_row][vc_row el_id=&#8221;rowid&#8221;][vc_column width=&#8221;1\/4&#8243; el_class=&#8221;two-columns-mobile&#8221; el_id=&#8221;columnid&#8221;][vc_single_image image=&#8221;6475&#8243; img_size=&#8221;medium&#8221; onclick=&#8221;custom_link&#8221; css=&#8221;&#8221; link=&#8221;https:\/\/pubmed.ncbi.nlm.nih.gov\/30390275\/&#8221; el_class=&#8221;my-custom-image-size&#8221;][vc_empty_space]<h3 class=\"box-header animation-slide\">November 2018<\/h3>[vc_column_text css=&#8221;&#8221;]<\/p>\n<div class=\"btSuperTitle\">Pubmed<\/div>\n<div class=\"btSubTitle\">Ierardi AM, Carrafiello G<\/div>\n<p>[\/vc_column_text][\/vc_column][vc_column width=&#8221;1\/4&#8243; el_class=&#8221;two-columns-mobile&#8221; el_id=&#8221;columnid&#8221;][vc_single_image image=&#8221;6476&#8243; img_size=&#8221;medium&#8221; onclick=&#8221;custom_link&#8221; css=&#8221;&#8221; link=&#8221;https:\/\/pubmed.ncbi.nlm.nih.gov\/30276668\/&#8221; el_class=&#8221;my-custom-image-size&#8221;][vc_empty_space]<h3 class=\"box-header animation-slide\">Ottobre 2018<\/h3>[vc_column_text css=&#8221;&#8221;]<\/p>\n<div class=\"btSuperTitle\">Pubmed<\/div>\n<div class=\"btSubTitle\">Ierardi AM<\/div>\n<p>[\/vc_column_text][\/vc_column][vc_column width=&#8221;1\/4&#8243; el_class=&#8221;two-columns-mobile&#8221; el_id=&#8221;columnid&#8221;][vc_single_image image=&#8221;6478&#8243; img_size=&#8221;medium&#8221; onclick=&#8221;custom_link&#8221; css=&#8221;&#8221; link=&#8221;https:\/\/pubmed.ncbi.nlm.nih.gov\/30039258\/&#8221; el_class=&#8221;my-custom-image-size&#8221;][vc_empty_space]<h3 class=\"box-header animation-slide\">Ottobre 2018<\/h3>[vc_column_text css=&#8221;&#8221;]<\/p>\n<div class=\"btSuperTitle\">Pubmed<\/div>\n<div class=\"btSubTitle\">Cararfiello G, Ierardi AM, Biondetti P.<\/div>\n<p>[\/vc_column_text][\/vc_column][vc_column width=&#8221;1\/4&#8243; el_class=&#8221;two-columns-mobile&#8221; el_id=&#8221;columnid&#8221;][vc_single_image image=&#8221;6479&#8243; img_size=&#8221;medium&#8221; onclick=&#8221;custom_link&#8221; css=&#8221;&#8221; link=&#8221;https:\/\/pubmed.ncbi.nlm.nih.gov\/30539412\/&#8221; el_class=&#8221;my-custom-image-size&#8221;][vc_empty_space]<h3 class=\"box-header animation-slide\">Dicembre 2018<\/h3>[vc_column_text css=&#8221;&#8221;]<\/p>\n<div class=\"btSuperTitle\">Pubmed<\/div>\n<div class=\"btSubTitle\">Ierardi AM, Biondetti P.<\/div>\n<p>[\/vc_column_text][\/vc_column][\/vc_row]<\/p>\n<\/div>","protected":false},"excerpt":{"rendered":"<p>[vc_row top_margin=&#8221;page-margin-top&#8221; el_position=&#8221;first&#8221;][vc_column width=&#8221;1\/2&#8243;][\/vc_column][vc_column width=&#8221;1\/2&#8243;][vc_column_text css=&#8221;&#8221; el_class=&#8221;no-margin description&#8221;] In medicina, ogni decisione terapeutica e intervento si fonda su anni di ricerche cliniche e studi scientifici che ne validano l\u2019efficacia e la sicurezza. La nostra filosofia si basa sul costante aggiornamento e sull\u2019analisi rigorosa dei dati, cos\u00ec da garantire ai pazienti le soluzioni pi\u00f9 innovative ed<\/p>\n","protected":false},"author":1,"featured_media":0,"parent":0,"menu_order":0,"comment_status":"closed","ping_status":"closed","template":"","meta":{"footnotes":""},"class_list":["post-6399","page","type-page","status-publish","hentry"],"yoast_head":"<!-- This site is optimized with the Yoast SEO plugin v26.7 - https:\/\/yoast.com\/wordpress\/plugins\/seo\/ -->\n<title>Pubblicazioni -<\/title>\n<meta name=\"description\" content=\"Ricerca scientifica e pubblicazioni mediche: tecniche innovative per il trattamento mini-invasivo delle patologie.\" \/>\n<meta name=\"robots\" content=\"index, follow, max-snippet:-1, max-image-preview:large, max-video-preview:-1\" \/>\n<link rel=\"canonical\" href=\"https:\/\/tuttointerventistica.it\/index.php\/pubblicazioni\/\" \/>\n<meta property=\"og:locale\" content=\"en_US\" \/>\n<meta property=\"og:type\" content=\"article\" \/>\n<meta property=\"og:title\" content=\"Pubblicazioni -\" \/>\n<meta property=\"og:description\" content=\"Ricerca scientifica e pubblicazioni mediche: tecniche innovative per il trattamento mini-invasivo delle patologie.\" \/>\n<meta property=\"og:url\" content=\"https:\/\/tuttointerventistica.it\/index.php\/pubblicazioni\/\" \/>\n<meta property=\"article:modified_time\" content=\"2025-04-18T13:36:55+00:00\" \/>\n<meta name=\"twitter:card\" content=\"summary_large_image\" \/>\n<meta name=\"twitter:label1\" content=\"Est. reading time\" \/>\n\t<meta name=\"twitter:data1\" content=\"3 minutes\" \/>\n<script type=\"application\/ld+json\" class=\"yoast-schema-graph\">{\"@context\":\"https:\/\/schema.org\",\"@graph\":[{\"@type\":\"WebPage\",\"@id\":\"https:\/\/tuttointerventistica.it\/index.php\/pubblicazioni\/\",\"url\":\"https:\/\/tuttointerventistica.it\/index.php\/pubblicazioni\/\",\"name\":\"Pubblicazioni -\",\"isPartOf\":{\"@id\":\"https:\/\/tuttointerventistica.it\/#website\"},\"datePublished\":\"2025-03-26T12:45:11+00:00\",\"dateModified\":\"2025-04-18T13:36:55+00:00\",\"description\":\"Ricerca scientifica e pubblicazioni mediche: tecniche innovative per il trattamento mini-invasivo delle patologie.\",\"breadcrumb\":{\"@id\":\"https:\/\/tuttointerventistica.it\/index.php\/pubblicazioni\/#breadcrumb\"},\"inLanguage\":\"en-US\",\"potentialAction\":[{\"@type\":\"ReadAction\",\"target\":[\"https:\/\/tuttointerventistica.it\/index.php\/pubblicazioni\/\"]}]},{\"@type\":\"BreadcrumbList\",\"@id\":\"https:\/\/tuttointerventistica.it\/index.php\/pubblicazioni\/#breadcrumb\",\"itemListElement\":[{\"@type\":\"ListItem\",\"position\":1,\"name\":\"Home\",\"item\":\"https:\/\/tuttointerventistica.it\/\"},{\"@type\":\"ListItem\",\"position\":2,\"name\":\"Pubblicazioni\"}]},{\"@type\":\"WebSite\",\"@id\":\"https:\/\/tuttointerventistica.it\/#website\",\"url\":\"https:\/\/tuttointerventistica.it\/\",\"name\":\"\",\"description\":\"\",\"potentialAction\":[{\"@type\":\"SearchAction\",\"target\":{\"@type\":\"EntryPoint\",\"urlTemplate\":\"https:\/\/tuttointerventistica.it\/?s={search_term_string}\"},\"query-input\":{\"@type\":\"PropertyValueSpecification\",\"valueRequired\":true,\"valueName\":\"search_term_string\"}}],\"inLanguage\":\"en-US\"}]}<\/script>\n<!-- \/ Yoast SEO plugin. -->","yoast_head_json":{"title":"Pubblicazioni -","description":"Ricerca scientifica e pubblicazioni mediche: tecniche innovative per il trattamento mini-invasivo delle patologie.","robots":{"index":"index","follow":"follow","max-snippet":"max-snippet:-1","max-image-preview":"max-image-preview:large","max-video-preview":"max-video-preview:-1"},"canonical":"https:\/\/tuttointerventistica.it\/index.php\/pubblicazioni\/","og_locale":"en_US","og_type":"article","og_title":"Pubblicazioni -","og_description":"Ricerca scientifica e pubblicazioni mediche: tecniche innovative per il trattamento mini-invasivo delle patologie.","og_url":"https:\/\/tuttointerventistica.it\/index.php\/pubblicazioni\/","article_modified_time":"2025-04-18T13:36:55+00:00","twitter_card":"summary_large_image","twitter_misc":{"Est. reading time":"3 minutes"},"schema":{"@context":"https:\/\/schema.org","@graph":[{"@type":"WebPage","@id":"https:\/\/tuttointerventistica.it\/index.php\/pubblicazioni\/","url":"https:\/\/tuttointerventistica.it\/index.php\/pubblicazioni\/","name":"Pubblicazioni -","isPartOf":{"@id":"https:\/\/tuttointerventistica.it\/#website"},"datePublished":"2025-03-26T12:45:11+00:00","dateModified":"2025-04-18T13:36:55+00:00","description":"Ricerca scientifica e pubblicazioni mediche: tecniche innovative per il trattamento mini-invasivo delle patologie.","breadcrumb":{"@id":"https:\/\/tuttointerventistica.it\/index.php\/pubblicazioni\/#breadcrumb"},"inLanguage":"en-US","potentialAction":[{"@type":"ReadAction","target":["https:\/\/tuttointerventistica.it\/index.php\/pubblicazioni\/"]}]},{"@type":"BreadcrumbList","@id":"https:\/\/tuttointerventistica.it\/index.php\/pubblicazioni\/#breadcrumb","itemListElement":[{"@type":"ListItem","position":1,"name":"Home","item":"https:\/\/tuttointerventistica.it\/"},{"@type":"ListItem","position":2,"name":"Pubblicazioni"}]},{"@type":"WebSite","@id":"https:\/\/tuttointerventistica.it\/#website","url":"https:\/\/tuttointerventistica.it\/","name":"","description":"","potentialAction":[{"@type":"SearchAction","target":{"@type":"EntryPoint","urlTemplate":"https:\/\/tuttointerventistica.it\/?s={search_term_string}"},"query-input":{"@type":"PropertyValueSpecification","valueRequired":true,"valueName":"search_term_string"}}],"inLanguage":"en-US"}]}},"_links":{"self":[{"href":"https:\/\/tuttointerventistica.it\/index.php\/wp-json\/wp\/v2\/pages\/6399","targetHints":{"allow":["GET"]}}],"collection":[{"href":"https:\/\/tuttointerventistica.it\/index.php\/wp-json\/wp\/v2\/pages"}],"about":[{"href":"https:\/\/tuttointerventistica.it\/index.php\/wp-json\/wp\/v2\/types\/page"}],"author":[{"embeddable":true,"href":"https:\/\/tuttointerventistica.it\/index.php\/wp-json\/wp\/v2\/users\/1"}],"replies":[{"embeddable":true,"href":"https:\/\/tuttointerventistica.it\/index.php\/wp-json\/wp\/v2\/comments?post=6399"}],"version-history":[{"count":34,"href":"https:\/\/tuttointerventistica.it\/index.php\/wp-json\/wp\/v2\/pages\/6399\/revisions"}],"predecessor-version":[{"id":6507,"href":"https:\/\/tuttointerventistica.it\/index.php\/wp-json\/wp\/v2\/pages\/6399\/revisions\/6507"}],"wp:attachment":[{"href":"https:\/\/tuttointerventistica.it\/index.php\/wp-json\/wp\/v2\/media?parent=6399"}],"curies":[{"name":"wp","href":"https:\/\/api.w.org\/{rel}","templated":true}]}}